CRAN Package Check Results for Package googlenlp

Last updated on 2024-07-22 05:49:52 CEST.

Flavor Version Tinstall Tcheck Ttotal Status Flags
r-devel-linux-x86_64-debian-clang 0.2.0 6.46 43.31 49.77 NOTE
r-devel-linux-x86_64-debian-gcc 0.2.0 4.75 33.68 38.43 NOTE
r-devel-linux-x86_64-fedora-clang 0.2.0 63.23 NOTE
r-devel-linux-x86_64-fedora-gcc 0.2.0 58.77 NOTE
r-devel-windows-x86_64 0.2.0 7.00 54.00 61.00 NOTE
r-patched-linux-x86_64 0.2.0 5.42 42.14 47.56 NOTE
r-release-linux-x86_64 0.2.0 3.54 41.77 45.31 NOTE
r-release-macos-arm64 0.2.0 21.00 NOTE
r-release-macos-x86_64 0.2.0 49.00 NOTE
r-release-windows-x86_64 0.2.0 6.00 55.00 61.00 NOTE
r-oldrel-macos-arm64 0.2.0 23.00 NOTE
r-oldrel-macos-x86_64 0.2.0 32.00 NOTE
r-oldrel-windows-x86_64 0.2.0 7.00 59.00 66.00 NOTE

Check Details

Version: 0.2.0
Check: LazyData
Result: NOTE 'LazyData' is specified without a 'data' directory Flavors: r-devel-linux-x86_64-debian-clang, r-devel-linux-x86_64-debian-gcc, r-devel-linux-x86_64-fedora-clang, r-devel-linux-x86_64-fedora-gcc, r-devel-windows-x86_64, r-patched-linux-x86_64, r-release-linux-x86_64, r-release-macos-arm64, r-release-macos-x86_64, r-release-windows-x86_64, r-oldrel-macos-arm64, r-oldrel-macos-x86_64, r-oldrel-windows-x86_64