CRAN Package Check Results for Package googleadsR

Last updated on 2023-12-04 05:09:07 CET.

Flavor Version Tinstall Tcheck Ttotal Status Flags
r-devel-linux-x86_64-debian-clang 1.0.0 1.90 27.15 29.05 OK
r-devel-linux-x86_64-debian-gcc 1.0.0 1.63 21.07 22.70 OK
r-devel-linux-x86_64-fedora-clang 1.0.0 36.83 NOTE
r-devel-linux-x86_64-fedora-gcc 1.0.0 48.12 NOTE
r-devel-windows-x86_64 1.0.0 4.00 44.00 48.00 OK
r-patched-linux-x86_64 1.0.0 1.84 26.15 27.99 OK
r-release-linux-x86_64 1.0.0 1.91 26.43 28.34 OK
r-release-macos-arm64 1.0.0 24.00 OK
r-release-macos-x86_64 1.0.0 33.00 OK
r-release-windows-x86_64 1.0.0 3.00 46.00 49.00 OK
r-oldrel-macos-arm64 1.0.0 19.00 OK
r-oldrel-macos-x86_64 1.0.0 26.00 NOTE
r-oldrel-windows-x86_64 1.0.0 3.00 47.00 50.00 OK

Check Details

Version: 1.0.0
Check: data for non-ASCII characters
Result: NOTE Note: found 1 marked UTF-8 string Flavors: r-devel-linux-x86_64-fedora-clang, r-devel-linux-x86_64-fedora-gcc, r-oldrel-macos-x86_64