Last updated on 2023-12-04 05:09:07 CET.
Flavor | Version | Tinstall | Tcheck | Ttotal | Status | Flags |
---|---|---|---|---|---|---|
r-devel-linux-x86_64-debian-clang | 0.5.0 | 9.22 | 79.28 | 88.50 | NOTE | |
r-devel-linux-x86_64-debian-gcc | 0.5.0 | 7.02 | 60.26 | 67.28 | NOTE | |
r-devel-linux-x86_64-fedora-clang | 0.5.0 | 111.55 | NOTE | |||
r-devel-linux-x86_64-fedora-gcc | 0.5.0 | 108.99 | OK | |||
r-devel-windows-x86_64 | 0.5.0 | 11.00 | 99.00 | 110.00 | OK | |
r-patched-linux-x86_64 | 0.5.0 | 13.36 | 77.61 | 90.97 | OK | |
r-release-linux-x86_64 | 0.5.0 | 7.59 | 77.87 | 85.46 | OK | |
r-release-macos-arm64 | 0.5.0 | 37.00 | OK | |||
r-release-macos-x86_64 | 0.5.0 | 56.00 | OK | |||
r-release-windows-x86_64 | 0.5.0 | 12.00 | 113.00 | 125.00 | OK | |
r-oldrel-macos-arm64 | 0.5.0 | 30.00 | OK | |||
r-oldrel-macos-x86_64 | 0.5.0 | 57.00 | OK | |||
r-oldrel-windows-x86_64 | 0.5.0 | 13.00 | 97.00 | 110.00 | OK |
Version: 0.5.0
Check: Rd files
Result: NOTE
checkRd: (-1) GitHubEventsConfig.Rd:16: Lost braces; missing escapes or markup?
16 | \item{x}{The repository in format {owner}/{repo} e.g. MarkEdmondson1234/googleCloudRunner}
| ^
checkRd: (-1) GitHubEventsConfig.Rd:16: Lost braces; missing escapes or markup?
16 | \item{x}{The repository in format {owner}/{repo} e.g. MarkEdmondson1234/googleCloudRunner}
| ^
checkRd: (-1) cr_buildstep_targets.Rd:27: Lost braces
27 | \item{id}{The id of the buildstep. In link{cr_buildstep_targets_multi} this is used along with \code{waitFor} to determine the order of execution}
| ^
checkRd: (-1) cr_setup_service.Rd:21: Lost braces; missing escapes or markup?
21 | \item{account_email}{The service account email e.g. \code{accountId@projectid.iam.gserviceaccount.com} or {12345678@cloudbuild.gserviceaccount.com}}
| ^
Flavors: r-devel-linux-x86_64-debian-clang, r-devel-linux-x86_64-debian-gcc
Version: 0.5.0
Check: Rd cross-references
Result: NOTE
Undeclared packages ‘rcmdcheck’, ‘covr’, ‘devtools’, ‘pkgdown’ in Rd xrefs
Flavor: r-devel-linux-x86_64-fedora-clang