CRAN Package Check Results for Package gogarch

Last updated on 2024-02-27 04:50:38 CET.

Flavor Version Tinstall Tcheck Ttotal Status Flags
r-devel-linux-x86_64-debian-clang 0.7-5 20.04 104.14 124.18 NOTE
r-devel-linux-x86_64-debian-gcc 0.7-5 13.82 81.39 95.21 NOTE
r-devel-linux-x86_64-fedora-clang 0.7-5 151.75 NOTE
r-devel-linux-x86_64-fedora-gcc 0.7-5 146.71 NOTE
r-devel-windows-x86_64 0.7-5 14.00 95.00 109.00 NOTE
r-patched-linux-x86_64 0.7-5 14.44 104.57 119.01 NOTE
r-release-linux-x86_64 0.7-5 16.52 103.44 119.96 NOTE
r-release-macos-arm64 0.7-5 47.00 NOTE
r-release-macos-x86_64 0.7-5 73.00 NOTE
r-release-windows-x86_64 0.7-5 21.00 115.00 136.00 NOTE
r-oldrel-macos-arm64 0.7-5 31.00 OK
r-oldrel-windows-x86_64 0.7-5 23.00 119.00 142.00 OK

Check Details

Version: 0.7-5
Check: Rd files
Result: NOTE checkRd: (-1) BVDWSTOXX.Rd:14: Escaped LaTeX specials: \& checkRd: (-1) BVDWSTOXX.Rd:15: Escaped LaTeX specials: \& checkRd: (-1) BVDWSTOXX.Rd:16: Escaped LaTeX specials: \& \& checkRd: (-1) BVDWSTOXX.Rd:26: Escaped LaTeX specials: \& checkRd: (-1) BVDWSTOXX.Rd:31: Escaped LaTeX specials: \& checkRd: (-1) BVDWSTOXX.Rd:34: Escaped LaTeX specials: \& checkRd: (-1) BVDWSTOXX.Rd:37: Escaped LaTeX specials: \& Flavors: r-devel-linux-x86_64-debian-clang, r-devel-linux-x86_64-debian-gcc, r-devel-linux-x86_64-fedora-clang, r-devel-linux-x86_64-fedora-gcc, r-devel-windows-x86_64, r-patched-linux-x86_64, r-release-linux-x86_64, r-release-macos-arm64, r-release-macos-x86_64, r-release-windows-x86_64

Version: 0.7-5
Check: Rd cross-references
Result: NOTE Undeclared package ‘fBasics’ in Rd xrefs Flavor: r-devel-linux-x86_64-fedora-clang