Last updated on 2023-12-10 04:55:59 CET.
Flavor | Version | Tinstall | Tcheck | Ttotal | Status | Flags |
---|---|---|---|---|---|---|
r-devel-linux-x86_64-debian-clang | 0.1.2 | 42.69 | 125.45 | 168.14 | OK | |
r-devel-linux-x86_64-debian-gcc | 0.1.2 | 28.57 | 97.36 | 125.93 | OK | |
r-devel-linux-x86_64-fedora-clang | 0.1.2 | 221.05 | NOTE | |||
r-devel-linux-x86_64-fedora-gcc | 0.1.2 | 222.25 | NOTE | |||
r-devel-windows-x86_64 | 0.1.2 | 37.00 | 133.00 | 170.00 | OK | |
r-patched-linux-x86_64 | 0.1.2 | 30.71 | 125.48 | 156.19 | OK | |
r-release-linux-x86_64 | 0.1.2 | 28.14 | 121.86 | 150.00 | OK | |
r-release-macos-arm64 | 0.1.2 | 64.00 | OK | |||
r-release-macos-x86_64 | 0.1.2 | 133.00 | OK | |||
r-release-windows-x86_64 | 0.1.2 | 46.00 | 157.00 | 203.00 | OK | |
r-oldrel-macos-arm64 | 0.1.2 | 81.00 | OK | |||
r-oldrel-macos-x86_64 | 0.1.2 | 106.00 | OK | |||
r-oldrel-windows-x86_64 | 0.1.2 | 45.00 | 154.00 | 199.00 | OK |
Version: 0.1.2
Check: data for non-ASCII characters
Result: NOTE
Note: found 1352 marked UTF-8 strings
Flavors: r-devel-linux-x86_64-fedora-clang, r-devel-linux-x86_64-fedora-gcc