Last updated on 2023-12-06 04:55:52 CET.
Flavor | Version | Tinstall | Tcheck | Ttotal | Status | Flags |
---|---|---|---|---|---|---|
r-devel-linux-x86_64-debian-clang | 0.1 | 74.24 | 95.06 | 169.30 | OK | |
r-devel-linux-x86_64-debian-gcc | 0.1 | 45.37 | 72.02 | 117.39 | OK | |
r-devel-linux-x86_64-fedora-clang | 0.1 | 208.40 | NOTE | |||
r-devel-linux-x86_64-fedora-gcc | 0.1 | 218.98 | NOTE | |||
r-devel-windows-x86_64 | 0.1 | 52.00 | 104.00 | 156.00 | OK | |
r-patched-linux-x86_64 | 0.1 | 41.18 | 91.86 | 133.04 | OK | |
r-release-linux-x86_64 | 0.1 | 48.46 | 91.86 | 140.32 | OK | |
r-release-macos-arm64 | 0.1 | 60.00 | NOTE | |||
r-release-macos-x86_64 | 0.1 | 96.00 | NOTE | |||
r-release-windows-x86_64 | 0.1 | 65.00 | 126.00 | 191.00 | OK | |
r-oldrel-macos-arm64 | 0.1 | 58.00 | NOTE | |||
r-oldrel-macos-x86_64 | 0.1 | 122.00 | NOTE | |||
r-oldrel-windows-x86_64 | 0.1 | 60.00 | 122.00 | 182.00 | OK |
Version: 0.1
Check: dependencies in R code
Result: NOTE
Namespace in Imports field not imported from: ‘Rcpp’
All declared Imports should be used.
Flavors: r-devel-linux-x86_64-fedora-clang, r-devel-linux-x86_64-fedora-gcc, r-oldrel-macos-arm64, r-oldrel-macos-x86_64
Version: 0.1
Check: installed package size
Result: NOTE
installed size is 5.8Mb
sub-directories of 1Mb or more:
libs 5.5Mb
Flavors: r-release-macos-arm64, r-release-macos-x86_64, r-oldrel-macos-arm64, r-oldrel-macos-x86_64