CRAN Package Check Results for Package gnomonicM

Last updated on 2024-02-26 04:49:28 CET.

Flavor Version Tinstall Tcheck Ttotal Status Flags
r-devel-linux-x86_64-debian-clang 1.0.1 5.07 61.94 67.01 NOTE
r-devel-linux-x86_64-debian-gcc 1.0.1 4.17 47.33 51.50 NOTE
r-devel-linux-x86_64-fedora-clang 1.0.1 84.44 NOTE
r-devel-linux-x86_64-fedora-gcc 1.0.1 93.19 NOTE
r-devel-windows-x86_64 1.0.1 6.00 69.00 75.00 NOTE
r-patched-linux-x86_64 1.0.1 3.37 60.67 64.04 NOTE
r-release-linux-x86_64 1.0.1 4.41 59.87 64.28 NOTE
r-release-macos-arm64 1.0.1 37.00 NOTE
r-release-macos-x86_64 1.0.1 50.00 NOTE
r-release-windows-x86_64 1.0.1 9.00 79.00 88.00 NOTE
r-oldrel-macos-arm64 1.0.1 29.00 NOTE
r-oldrel-windows-x86_64 1.0.1 8.00 81.00 89.00 NOTE

Check Details

Version: 1.0.1
Check: LazyData
Result: NOTE 'LazyData' is specified without a 'data' directory Flavors: r-devel-linux-x86_64-debian-clang, r-devel-linux-x86_64-debian-gcc, r-devel-linux-x86_64-fedora-clang, r-devel-linux-x86_64-fedora-gcc, r-devel-windows-x86_64, r-patched-linux-x86_64, r-release-linux-x86_64, r-release-macos-arm64, r-release-macos-x86_64, r-release-windows-x86_64, r-oldrel-macos-arm64, r-oldrel-windows-x86_64