Last updated on 2023-09-24 05:53:11 CEST.
Flavor | Version | Tinstall | Tcheck | Ttotal | Status | Flags |
---|---|---|---|---|---|---|
r-devel-linux-x86_64-debian-clang | 1.1.1 | 11.68 | 63.48 | 75.16 | NOTE | |
r-devel-linux-x86_64-debian-gcc | 1.1.1 | 11.07 | 45.50 | 56.57 | NOTE | |
r-devel-linux-x86_64-fedora-clang | 1.1.1 | 92.28 | NOTE | |||
r-devel-linux-x86_64-fedora-gcc | 1.1.1 | 89.95 | NOTE | |||
r-devel-windows-x86_64 | 1.1.1 | 10.00 | 63.00 | 73.00 | NOTE | |
r-patched-linux-x86_64 | 1.1.1 | 11.74 | 60.03 | 71.77 | NOTE | |
r-release-linux-x86_64 | 1.1.1 | 10.48 | 62.05 | 72.53 | NOTE | |
r-release-macos-arm64 | 1.1.1 | 29.00 | NOTE | |||
r-release-macos-x86_64 | 1.1.1 | 49.00 | NOTE | |||
r-release-windows-x86_64 | 1.1.1 | 13.00 | 77.00 | 90.00 | NOTE | |
r-oldrel-macos-arm64 | 1.1.1 | 26.00 | NOTE | |||
r-oldrel-macos-x86_64 | 1.1.1 | 36.00 | NOTE | |||
r-oldrel-windows-x86_64 | 1.1.1 | 22.00 | 74.00 | 96.00 | NOTE |
Version: 1.1.1
Check: package subdirectories
Result: NOTE
Problems with news in ‘NEWS.md’:
No news entries found.
Flavors: r-devel-linux-x86_64-debian-clang, r-devel-linux-x86_64-debian-gcc, r-devel-linux-x86_64-fedora-clang, r-devel-linux-x86_64-fedora-gcc, r-devel-windows-x86_64, r-patched-linux-x86_64, r-release-linux-x86_64, r-release-macos-arm64, r-release-macos-x86_64, r-release-windows-x86_64
Version: 1.1.1
Check: LazyData
Result: NOTE
'LazyData' is specified without a 'data' directory
Flavors: r-devel-linux-x86_64-debian-clang, r-devel-linux-x86_64-debian-gcc, r-devel-linux-x86_64-fedora-clang, r-devel-linux-x86_64-fedora-gcc, r-devel-windows-x86_64, r-patched-linux-x86_64, r-release-linux-x86_64, r-release-macos-arm64, r-release-macos-x86_64, r-release-windows-x86_64, r-oldrel-macos-arm64, r-oldrel-macos-x86_64, r-oldrel-windows-x86_64
Version: 1.1.1
Check: Rd cross-references
Result: NOTE
Undeclared package ‘repeated’ in Rd xrefs
Flavor: r-devel-linux-x86_64-fedora-clang
Version: 1.1.1
Check: Rd cross-references
Result: NOTE
Package unavailable to check Rd xrefs: ‘repeated’
Flavor: r-release-macos-x86_64