CRAN Package Check Results for Package gmGeostats

Last updated on 2025-01-17 04:49:17 CET.

Flavor Version Tinstall Tcheck Ttotal Status Flags
r-devel-linux-x86_64-debian-clang 0.11.3 20.65 142.58 163.23 NOTE
r-devel-linux-x86_64-debian-gcc 0.11.3 13.15 93.20 106.35 NOTE
r-devel-linux-x86_64-fedora-clang 0.11.3 261.15 NOTE
r-devel-linux-x86_64-fedora-gcc 0.11.3 260.25 NOTE
r-devel-windows-x86_64 0.11.3 26.00 170.00 196.00 NOTE
r-patched-linux-x86_64 0.11.3 28.32 130.46 158.78 NOTE
r-release-linux-x86_64 0.11.3 19.73 130.67 150.40 NOTE
r-release-macos-arm64 0.11.3 72.00 NOTE
r-release-macos-x86_64 0.11.3 111.00 NOTE
r-release-windows-x86_64 0.11.3 26.00 175.00 201.00 NOTE
r-oldrel-macos-arm64 0.11.3 75.00 OK
r-oldrel-macos-x86_64 0.11.3 154.00 OK
r-oldrel-windows-x86_64 0.11.3 26.00 195.00 221.00 OK

Check Details

Version: 0.11.3
Check: Rd files
Result: NOTE checkRd: (-1) Maf.data.frame.Rd:65: Lost braces 65 | the lag distance to take. \%For other options see code{getEmpVariogramSlice}.} | ^ checkRd: (-1) NGSAustralia.Rd:114: Lost braces; missing escapes or markup? 114 | \item{MRB}{obtained from simplifying the major crustal boundaries of {Korsch2015a, Korsch2015b}} | ^ Flavors: r-devel-linux-x86_64-debian-clang, r-devel-linux-x86_64-debian-gcc, r-devel-linux-x86_64-fedora-clang, r-devel-linux-x86_64-fedora-gcc, r-devel-windows-x86_64, r-patched-linux-x86_64, r-release-linux-x86_64, r-release-macos-arm64, r-release-macos-x86_64, r-release-windows-x86_64

Version: 0.11.3
Check: Rd cross-references
Result: NOTE Found the following Rd file(s) with Rd \link{} targets missing package anchors: Maf.data.frame.Rd: cdt, princomp.acomp coloredBiplot.genDiag.Rd: coloredBiplot gsi.EVario2D.Rd: variogram gsi.EVario3D.Rd: variogram Please provide package anchors for all Rd \link{} targets not in the package itself and the base packages. Flavors: r-devel-linux-x86_64-debian-clang, r-devel-linux-x86_64-debian-gcc, r-devel-windows-x86_64