Last updated on 2023-11-30 04:52:52 CET.
Flavor | Version | Tinstall | Tcheck | Ttotal | Status | Flags |
---|---|---|---|---|---|---|
r-devel-linux-x86_64-debian-clang | 0.1.9 | 18.84 | 212.45 | 231.29 | NOTE | |
r-devel-linux-x86_64-debian-gcc | 0.1.9 | 15.38 | 156.33 | 171.71 | NOTE | |
r-devel-linux-x86_64-fedora-clang | 0.1.9 | 289.35 | OK | |||
r-devel-linux-x86_64-fedora-gcc | 0.1.9 | 277.70 | OK | |||
r-devel-windows-x86_64 | 0.1.9 | 19.00 | 188.00 | 207.00 | OK | |
r-patched-linux-x86_64 | 0.1.9 | 25.67 | 206.50 | 232.17 | OK | |
r-release-linux-x86_64 | 0.1.9 | 18.15 | 206.94 | 225.09 | OK | |
r-release-macos-arm64 | 0.1.9 | 69.00 | OK | |||
r-release-macos-x86_64 | 0.1.9 | 194.00 | OK | |||
r-release-windows-x86_64 | 0.1.9 | 25.00 | 228.00 | 253.00 | OK | |
r-oldrel-macos-arm64 | 0.1.9 | 68.00 | OK | |||
r-oldrel-macos-x86_64 | 0.1.9 | 105.00 | OK | |||
r-oldrel-windows-x86_64 | 0.1.9 | 27.00 | 210.00 | 237.00 | OK |
Version: 0.1.9
Check: Rd files
Result: NOTE
checkRd: (-1) ROCc.Rd:21: Lost braces in \itemize; \value handles \item{}{} directly
checkRd: (-1) ROCc.Rd:22: Lost braces in \itemize; \value handles \item{}{} directly
checkRd: (-1) ROCc.Rd:23: Lost braces in \itemize; \value handles \item{}{} directly
checkRd: (-1) ROCc.Rd:24: Lost braces in \itemize; \value handles \item{}{} directly
checkRd: (-1) anova.glmgee.Rd:29: Lost braces
29 | \item \code{Chi:}{ The value of the statistic of the test.}
| ^
checkRd: (-1) anova.glmgee.Rd:30: Lost braces
30 | \item \code{df:}{ The number of degrees of freedom.}
| ^
checkRd: (-1) anova.glmgee.Rd:31: Lost braces
31 | \item \code{Pr(>Chi):}{ The \emph{p}-value of the test computed using the Chi-square distribution.}
| ^
checkRd: (-1) anova.zeroinflation.Rd:33: Lost braces
33 | \item \code{Chi:}{ The value of the statistic of the test,}
| ^
checkRd: (-1) anova.zeroinflation.Rd:34: Lost braces
34 | \item \code{Df:}{ The number of degrees of freedom,}
| ^
checkRd: (-1) anova.zeroinflation.Rd:35: Lost braces
35 | \item \code{Pr(>Chi):}{ The \emph{p}-value of the test \emph{test} computed using the Chi-square distribution.}
| ^
checkRd: (-1) anova2.Rd:26: Lost braces
26 | \item \code{Chi:}{ The value of the statistic of the test.}
| ^
checkRd: (-1) anova2.Rd:27: Lost braces
27 | \item \code{Df:}{ The number of degrees of freedom.}
| ^
checkRd: (-1) anova2.Rd:28: Lost braces
28 | \item \code{Pr(>Chi):}{ The \emph{p}-value of the test computed using the Chi-square distribution.}
| ^
checkRd: (-1) stepCriterion.glmgee.Rd:58: Lost braces in \itemize; \value handles \item{}{} directly
checkRd: (-1) stepCriterion.glmgee.Rd:59: Lost braces in \itemize; \value handles \item{}{} directly
checkRd: (-1) stepCriterion.glmgee.Rd:60: Lost braces in \itemize; \value handles \item{}{} directly
checkRd: (-1) stepCriterion.glmgee.Rd:61: Lost braces in \itemize; \value handles \item{}{} directly
Flavors: r-devel-linux-x86_64-debian-clang, r-devel-linux-x86_64-debian-gcc