CRAN Package Check Results for Package gkgraphR

Last updated on 2024-07-14 05:53:32 CEST.

Flavor Version Tinstall Tcheck Ttotal Status Flags
r-devel-linux-x86_64-debian-clang 1.0.2 2.33 25.05 27.38 NOTE
r-devel-linux-x86_64-debian-gcc 1.0.2 1.59 20.06 21.65 NOTE
r-devel-linux-x86_64-fedora-clang 1.0.2 36.43 NOTE
r-devel-linux-x86_64-fedora-gcc 1.0.2 46.18 NOTE
r-devel-windows-x86_64 1.0.2 3.00 41.00 44.00 NOTE
r-patched-linux-x86_64 1.0.2 1.90 24.42 26.32 NOTE
r-release-linux-x86_64 1.0.2 1.85 24.03 25.88 NOTE
r-release-macos-arm64 1.0.2 21.00 NOTE
r-release-macos-x86_64 1.0.2 35.00 NOTE
r-release-windows-x86_64 1.0.2 3.00 43.00 46.00 NOTE
r-oldrel-macos-arm64 1.0.2 22.00 NOTE
r-oldrel-macos-x86_64 1.0.2 28.00 NOTE
r-oldrel-windows-x86_64 1.0.2 3.00 40.00 43.00 NOTE

Check Details

Version: 1.0.2
Check: package subdirectories
Result: NOTE Problems with news in ‘NEWS.md’: No news entries found. Flavors: r-devel-linux-x86_64-debian-clang, r-devel-linux-x86_64-debian-gcc, r-devel-linux-x86_64-fedora-clang, r-devel-linux-x86_64-fedora-gcc, r-devel-windows-x86_64, r-patched-linux-x86_64, r-release-linux-x86_64, r-release-macos-arm64, r-release-macos-x86_64, r-release-windows-x86_64, r-oldrel-macos-arm64, r-oldrel-macos-x86_64, r-oldrel-windows-x86_64