Last updated on 2023-12-02 04:52:15 CET.
Flavor | Version | Tinstall | Tcheck | Ttotal | Status | Flags |
---|---|---|---|---|---|---|
r-devel-linux-x86_64-debian-clang | 0.2.2 | 10.67 | 95.85 | 106.52 | OK | |
r-devel-linux-x86_64-debian-gcc | 0.2.2 | 7.62 | 67.52 | 75.14 | OK | |
r-devel-linux-x86_64-fedora-clang | 0.2.2 | 126.59 | NOTE | |||
r-devel-linux-x86_64-fedora-gcc | 0.2.2 | 132.13 | NOTE | |||
r-devel-windows-x86_64 | 0.2.2 | 9.00 | 86.00 | 95.00 | OK | |
r-patched-linux-x86_64 | 0.2.2 | 15.07 | 87.31 | 102.38 | OK | |
r-release-linux-x86_64 | 0.2.2 | 5.56 | 87.11 | 92.67 | OK | |
r-release-macos-arm64 | 0.2.2 | 44.00 | OK | |||
r-release-macos-x86_64 | 0.2.2 | 75.00 | OK | |||
r-release-windows-x86_64 | 0.2.2 | 13.00 | 99.00 | 112.00 | OK | |
r-oldrel-macos-arm64 | 0.2.2 | 32.00 | NOTE | |||
r-oldrel-macos-x86_64 | 0.2.2 | 54.00 | NOTE | |||
r-oldrel-windows-x86_64 | 0.2.2 | 12.00 | 101.00 | 113.00 | OK |
Version: 0.2.2
Check: dependencies in R code
Result: NOTE
Namespace in Imports field not imported from: ‘mockery’
All declared Imports should be used.
Flavors: r-devel-linux-x86_64-fedora-clang, r-devel-linux-x86_64-fedora-gcc, r-oldrel-macos-arm64, r-oldrel-macos-x86_64