Last updated on 2023-12-03 04:56:07 CET.
Flavor | Version | Tinstall | Tcheck | Ttotal | Status | Flags |
---|---|---|---|---|---|---|
r-devel-linux-x86_64-debian-clang | 0.9.5 | 160.68 | 60.14 | 220.82 | WARN | |
r-devel-linux-x86_64-debian-gcc | 0.9.5 | 115.03 | 45.75 | 160.78 | NOTE | |
r-devel-linux-x86_64-fedora-clang | 0.9.5 | 347.57 | WARN | |||
r-devel-linux-x86_64-fedora-gcc | 1.0.1 | 341.04 | NOTE | |||
r-devel-windows-x86_64 | 0.9.5 | 158.00 | 92.00 | 250.00 | NOTE | |
r-patched-linux-x86_64 | 0.9.5 | 97.02 | 57.39 | 154.41 | NOTE | |
r-release-linux-x86_64 | 0.9.5 | 98.51 | 57.74 | 156.25 | NOTE | |
r-release-macos-arm64 | 0.9.5 | 61.00 | NOTE | |||
r-release-macos-x86_64 | 0.9.5 | 83.00 | NOTE | |||
r-release-windows-x86_64 | 1.0.1 | 174.00 | 114.00 | 288.00 | NOTE | |
r-oldrel-macos-arm64 | 0.9.5 | 67.00 | NOTE | |||
r-oldrel-macos-x86_64 | 0.9.5 | 99.00 | NOTE | |||
r-oldrel-windows-x86_64 | 0.9.5 | 201.00 | 100.00 | 301.00 | NOTE |
Version: 0.9.5
Check: whether package can be installed
Result: WARN
Found the following significant warnings:
RcppExports.cpp:46:18: warning: format string is not a string literal (potentially insecure) [-Wformat-security]
RcppExports.cpp:83:18: warning: format string is not a string literal (potentially insecure) [-Wformat-security]
RcppExports.cpp:120:18: warning: format string is not a string literal (potentially insecure) [-Wformat-security]
RcppExports.cpp:158:18: warning: format string is not a string literal (potentially insecure) [-Wformat-security]
See ‘/home/hornik/tmp/R.check/r-devel-clang/Work/PKGS/gibasa.Rcheck/00install.out’ for details.
* used C++ compiler: ‘Debian clang version 17.0.5 (1)’
Flavor: r-devel-linux-x86_64-debian-clang
Version: 0.9.5
Check: for GNU extensions in Makefiles
Result: NOTE
GNU make is a SystemRequirements.
Flavors: r-devel-linux-x86_64-debian-clang, r-devel-linux-x86_64-debian-gcc, r-devel-linux-x86_64-fedora-clang, r-devel-windows-x86_64, r-patched-linux-x86_64, r-release-linux-x86_64, r-release-macos-arm64, r-release-macos-x86_64, r-oldrel-macos-arm64, r-oldrel-macos-x86_64, r-oldrel-windows-x86_64
Version: 0.9.5
Check: whether package can be installed
Result: WARN
Found the following significant warnings:
RcppExports.cpp:46:18: warning: format string is not a string literal (potentially insecure) [-Wformat-security]
RcppExports.cpp:83:18: warning: format string is not a string literal (potentially insecure) [-Wformat-security]
RcppExports.cpp:120:18: warning: format string is not a string literal (potentially insecure) [-Wformat-security]
RcppExports.cpp:158:18: warning: format string is not a string literal (potentially insecure) [-Wformat-security]
See ‘/data/gannet/ripley/R/packages/tests-clang/gibasa.Rcheck/00install.out’ for details.
* used C++ compiler: ‘clang version 17.0.5’
Flavor: r-devel-linux-x86_64-fedora-clang
Version: 0.9.5
Check: data for non-ASCII characters
Result: NOTE
Note: found 553 marked UTF-8 strings
Flavor: r-devel-linux-x86_64-fedora-clang
Version: 1.0.1
Check: data for non-ASCII characters
Result: NOTE
Note: found 553 marked UTF-8 strings
Flavor: r-devel-linux-x86_64-fedora-gcc
Version: 1.0.1
Check: for GNU extensions in Makefiles
Result: NOTE
GNU make is a SystemRequirements.
Flavors: r-devel-linux-x86_64-fedora-gcc, r-release-windows-x86_64
Version: 0.9.5
Check: installed package size
Result: NOTE
installed size is 5.5Mb
sub-directories of 1Mb or more:
libs 5.2Mb
Flavors: r-release-macos-arm64, r-release-macos-x86_64, r-oldrel-macos-arm64, r-oldrel-macos-x86_64