Last updated on 2023-12-06 04:55:52 CET.
Flavor | Version | Tinstall | Tcheck | Ttotal | Status | Flags |
---|---|---|---|---|---|---|
r-devel-linux-x86_64-debian-clang | 0.4.8 | 11.43 | 111.00 | 122.43 | NOTE | |
r-devel-linux-x86_64-debian-gcc | 0.4.8 | 9.10 | 82.23 | 91.33 | NOTE | |
r-devel-linux-x86_64-fedora-clang | 0.4.8 | 150.53 | NOTE | |||
r-devel-linux-x86_64-fedora-gcc | 0.4.8 | 147.25 | NOTE | |||
r-devel-windows-x86_64 | 0.4.8 | 13.00 | 111.00 | 124.00 | NOTE | |
r-patched-linux-x86_64 | 0.4.8 | 12.63 | 103.71 | 116.34 | OK | |
r-release-linux-x86_64 | 0.4.8 | 10.39 | 104.82 | 115.21 | OK | |
r-release-macos-arm64 | 0.4.8 | 45.00 | OK | |||
r-release-macos-x86_64 | 0.4.8 | 73.00 | OK | |||
r-release-windows-x86_64 | 0.4.8 | 16.00 | 133.00 | 149.00 | OK | |
r-oldrel-macos-arm64 | 0.4.8 | 37.00 | OK | |||
r-oldrel-macos-x86_64 | 0.4.8 | 59.00 | OK | |||
r-oldrel-windows-x86_64 | 0.4.8 | 17.00 | 120.00 | 137.00 | OK |
Version: 0.4.8
Check: Rd \usage sections
Result: NOTE
Documented arguments not in \usage in Rd file 'add_scale.Rd':
‘domain’
Documented arguments not in \usage in Rd file 'bin_vector.Rd':
‘width’ ‘origin’ ‘closed’ ‘pad’
Functions with \usage entries need to have the appropriate \alias
entries, and all their arguments documented.
The \usage entries must correspond to syntactically valid R code.
See chapter ‘Writing R documentation files’ in the ‘Writing R
Extensions’ manual.
Flavors: r-devel-linux-x86_64-debian-clang, r-devel-linux-x86_64-debian-gcc, r-devel-linux-x86_64-fedora-clang, r-devel-linux-x86_64-fedora-gcc, r-devel-windows-x86_64