Last updated on 2023-12-08 05:02:05 CET.
Flavor | Version | Tinstall | Tcheck | Ttotal | Status | Flags |
---|---|---|---|---|---|---|
r-devel-linux-x86_64-debian-clang | 1.3 | 13.80 | 127.43 | 141.23 | OK | |
r-devel-linux-x86_64-debian-gcc | 1.3 | 11.42 | 93.64 | 105.06 | OK | |
r-devel-linux-x86_64-fedora-clang | 1.3 | 176.16 | NOTE | |||
r-devel-linux-x86_64-fedora-gcc | 1.3 | 164.89 | NOTE | |||
r-devel-windows-x86_64 | 1.3 | 15.00 | 103.00 | 118.00 | OK | |
r-patched-linux-x86_64 | 1.3 | 14.34 | 121.18 | 135.52 | OK | |
r-release-linux-x86_64 | 1.3 | 11.48 | 119.08 | 130.56 | OK | |
r-release-macos-arm64 | 1.3 | 53.00 | OK | |||
r-release-macos-x86_64 | 1.3 | 85.00 | OK | |||
r-release-windows-x86_64 | 1.3 | 19.00 | 124.00 | 143.00 | OK | |
r-oldrel-macos-arm64 | 1.3 | 60.00 | NOTE | |||
r-oldrel-macos-x86_64 | 1.3 | 84.00 | NOTE | |||
r-oldrel-windows-x86_64 | 1.3 | 20.00 | 129.00 | 149.00 | OK |
Version: 1.3
Check: dependencies in R code
Result: NOTE
Namespaces in Imports field not imported from:
‘nomogramFormula’ ‘survival’
All declared Imports should be used.
Flavors: r-devel-linux-x86_64-fedora-clang, r-devel-linux-x86_64-fedora-gcc, r-oldrel-macos-arm64, r-oldrel-macos-x86_64