Last updated on 2023-11-28 04:57:19 CET.
Flavor | Version | Tinstall | Tcheck | Ttotal | Status | Flags |
---|---|---|---|---|---|---|
r-devel-linux-x86_64-debian-clang | 2.1.0 | 98.10 | 222.98 | 321.08 | NOTE | |
r-devel-linux-x86_64-debian-gcc | 2.1.0 | 64.60 | 164.61 | 229.21 | NOTE | |
r-devel-linux-x86_64-fedora-clang | 2.1.0 | 432.27 | NOTE | |||
r-devel-linux-x86_64-fedora-gcc | 2.1.0 | 436.27 | NOTE | |||
r-devel-windows-x86_64 | 2.1.0 | 73.00 | 265.00 | 338.00 | NOTE | |
r-patched-linux-x86_64 | 2.1.0 | 82.69 | 207.76 | 290.45 | NOTE | |
r-release-linux-x86_64 | 2.1.0 | 61.08 | 208.33 | 269.41 | NOTE | |
r-release-macos-arm64 | 2.1.0 | 119.00 | NOTE | |||
r-release-macos-x86_64 | 2.1.0 | 200.00 | NOTE | |||
r-release-windows-x86_64 | 2.1.0 | 97.00 | 307.00 | 404.00 | NOTE | |
r-oldrel-macos-arm64 | 2.1.0 | 118.00 | NOTE | |||
r-oldrel-macos-x86_64 | 2.1.0 | 137.00 | NOTE | |||
r-oldrel-windows-x86_64 | 2.1.0 | 94.00 | 279.00 | 373.00 | NOTE |
Version: 2.1.0
Check: C++ specification
Result: NOTE
Specified C++11: please drop specification unless essential
Flavors: r-devel-linux-x86_64-debian-clang, r-devel-linux-x86_64-debian-gcc, r-devel-linux-x86_64-fedora-clang, r-devel-linux-x86_64-fedora-gcc, r-devel-windows-x86_64, r-patched-linux-x86_64, r-release-linux-x86_64, r-release-macos-arm64, r-release-macos-x86_64, r-release-windows-x86_64
Version: 2.1.0
Check: installed package size
Result: NOTE
installed size is 5.2Mb
sub-directories of 1Mb or more:
doc 3.6Mb
Flavors: r-devel-linux-x86_64-fedora-clang, r-devel-windows-x86_64, r-release-macos-arm64, r-release-macos-x86_64, r-release-windows-x86_64, r-oldrel-macos-arm64, r-oldrel-macos-x86_64, r-oldrel-windows-x86_64