Last updated on 2023-12-10 04:55:58 CET.
Flavor | Version | Tinstall | Tcheck | Ttotal | Status | Flags |
---|---|---|---|---|---|---|
r-devel-linux-x86_64-debian-clang | 0.0.7 | 9.48 | 58.86 | 68.34 | NOTE | |
r-devel-linux-x86_64-debian-gcc | 0.0.7 | 7.54 | 44.69 | 52.23 | NOTE | |
r-devel-linux-x86_64-fedora-clang | 0.0.7 | 84.49 | NOTE | |||
r-devel-linux-x86_64-fedora-gcc | 0.0.7 | 77.71 | NOTE | |||
r-devel-windows-x86_64 | 0.0.7 | 9.00 | 64.00 | 73.00 | NOTE | |
r-patched-linux-x86_64 | 0.0.7 | 9.64 | 56.63 | 66.27 | NOTE | |
r-release-linux-x86_64 | 0.0.7 | 6.71 | 55.82 | 62.53 | NOTE | |
r-release-macos-arm64 | 0.0.7 | 28.00 | NOTE | |||
r-release-macos-x86_64 | 0.0.7 | 44.00 | NOTE | |||
r-release-windows-x86_64 | 0.0.7 | 11.00 | 70.00 | 81.00 | NOTE | |
r-oldrel-macos-arm64 | 0.0.7 | 27.00 | NOTE | |||
r-oldrel-macos-x86_64 | 0.0.7 | 47.00 | NOTE | |||
r-oldrel-windows-x86_64 | 0.0.7 | 12.00 | 77.00 | 89.00 | NOTE |
Version: 0.0.7
Check: LazyData
Result: NOTE
'LazyData' is specified without a 'data' directory
Flavors: r-devel-linux-x86_64-debian-clang, r-devel-linux-x86_64-debian-gcc, r-devel-linux-x86_64-fedora-clang, r-devel-linux-x86_64-fedora-gcc, r-devel-windows-x86_64, r-patched-linux-x86_64, r-release-linux-x86_64, r-release-macos-arm64, r-release-macos-x86_64, r-release-windows-x86_64, r-oldrel-macos-arm64, r-oldrel-macos-x86_64, r-oldrel-windows-x86_64
Version: 0.0.7
Check: dependencies in R code
Result: NOTE
Namespaces in Imports field not imported from:
‘dplyr’ ‘grDevices’
All declared Imports should be used.
Flavors: r-devel-linux-x86_64-fedora-clang, r-devel-linux-x86_64-fedora-gcc, r-oldrel-macos-arm64, r-oldrel-macos-x86_64