Last updated on 2023-12-09 04:50:53 CET.
Flavor | Version | Tinstall | Tcheck | Ttotal | Status | Flags |
---|---|---|---|---|---|---|
r-devel-linux-x86_64-debian-clang | 0.1.3 | 6.48 | 53.43 | 59.91 | OK | |
r-devel-linux-x86_64-debian-gcc | 0.1.3 | 4.53 | 40.76 | 45.29 | OK | |
r-devel-linux-x86_64-fedora-clang | 0.1.3 | 73.64 | NOTE | |||
r-devel-linux-x86_64-fedora-gcc | 0.1.3 | 71.14 | NOTE | |||
r-devel-windows-x86_64 | 0.1.3 | 7.00 | 61.00 | 68.00 | OK | |
r-patched-linux-x86_64 | 0.1.3 | 5.39 | 51.78 | 57.17 | OK | |
r-release-linux-x86_64 | 0.1.3 | 4.81 | 51.10 | 55.91 | OK | |
r-release-macos-arm64 | 0.1.3 | 26.00 | OK | |||
r-release-macos-x86_64 | 0.1.3 | 40.00 | OK | |||
r-release-windows-x86_64 | 0.1.3 | 9.00 | 74.00 | 83.00 | OK | |
r-oldrel-macos-arm64 | 0.1.3 | 25.00 | NOTE | |||
r-oldrel-macos-x86_64 | 0.1.3 | 45.00 | NOTE | |||
r-oldrel-windows-x86_64 | 0.1.3 | 9.00 | 70.00 | 79.00 | OK |
Version: 0.1.3
Check: dependencies in R code
Result: NOTE
Namespace in Imports field not imported from: ‘utils’
All declared Imports should be used.
Flavors: r-devel-linux-x86_64-fedora-clang, r-devel-linux-x86_64-fedora-gcc, r-oldrel-macos-arm64, r-oldrel-macos-x86_64