Last updated on 2023-12-04 05:09:06 CET.
Flavor | Version | Tinstall | Tcheck | Ttotal | Status | Flags |
---|---|---|---|---|---|---|
r-devel-linux-x86_64-debian-clang | 0.3.3 | 20.64 | 121.64 | 142.28 | NOTE | |
r-devel-linux-x86_64-debian-gcc | 0.3.3 | 12.63 | 93.64 | 106.27 | NOTE | |
r-devel-linux-x86_64-fedora-clang | 0.3.3 | 175.23 | NOTE | |||
r-devel-linux-x86_64-fedora-gcc | 0.3.3 | 170.17 | NOTE | |||
r-devel-windows-x86_64 | 0.3.3 | 18.00 | 107.00 | 125.00 | NOTE | |
r-patched-linux-x86_64 | 0.3.3 | 16.35 | 116.97 | 133.32 | NOTE | |
r-release-linux-x86_64 | 0.3.3 | 15.37 | 119.00 | 134.37 | NOTE | |
r-release-macos-arm64 | 0.3.3 | 39.00 | NOTE | |||
r-release-macos-x86_64 | 0.3.3 | 79.00 | NOTE | |||
r-release-windows-x86_64 | 0.3.3 | 21.00 | 142.00 | 163.00 | NOTE | |
r-oldrel-macos-arm64 | 0.3.3 | 36.00 | OK | |||
r-oldrel-macos-x86_64 | 0.3.3 | 68.00 | OK | |||
r-oldrel-windows-x86_64 | 0.3.3 | 22.00 | 143.00 | 165.00 | OK |
Version: 0.3.3
Check: C++ specification
Result: NOTE
Specified C++11: please drop specification unless essential
Flavors: r-devel-linux-x86_64-debian-clang, r-devel-linux-x86_64-debian-gcc, r-devel-linux-x86_64-fedora-clang, r-devel-linux-x86_64-fedora-gcc, r-devel-windows-x86_64, r-patched-linux-x86_64, r-release-linux-x86_64, r-release-macos-arm64, r-release-macos-x86_64, r-release-windows-x86_64