CRAN Package Check Results for Package gghdr

Last updated on 2023-11-30 04:52:52 CET.

Flavor Version Tinstall Tcheck Ttotal Status Flags
r-devel-linux-x86_64-debian-clang 0.2.0 6.70 80.28 86.98 OK
r-devel-linux-x86_64-debian-gcc 0.2.0 4.61 60.56 65.17 OK
r-devel-linux-x86_64-fedora-clang 0.2.0 107.38 NOTE
r-devel-linux-x86_64-fedora-gcc 0.2.0 115.04 OK
r-devel-windows-x86_64 0.2.0 8.00 84.00 92.00 OK
r-patched-linux-x86_64 0.2.0 5.94 76.16 82.10 OK
r-release-linux-x86_64 0.2.0 5.95 76.86 82.81 OK
r-release-macos-arm64 0.2.0 40.00 OK
r-release-macos-x86_64 0.2.0 69.00 OK
r-release-windows-x86_64 0.2.0 10.00 96.00 106.00 OK
r-oldrel-macos-arm64 0.2.0 44.00 OK
r-oldrel-macos-x86_64 0.2.0 53.00 OK
r-oldrel-windows-x86_64 0.2.0 10.00 96.00 106.00 OK

Check Details

Version: 0.2.0
Check: Rd cross-references
Result: NOTE Undeclared package ‘rlang’ in Rd xrefs Flavor: r-devel-linux-x86_64-fedora-clang