Last updated on 2023-12-07 04:56:23 CET.
Flavor | Version | Tinstall | Tcheck | Ttotal | Status | Flags |
---|---|---|---|---|---|---|
r-devel-linux-x86_64-debian-clang | 0.4.0 | 8.60 | 116.37 | 124.97 | NOTE | |
r-devel-linux-x86_64-debian-gcc | 0.4.0 | 6.76 | 88.15 | 94.91 | NOTE | |
r-devel-linux-x86_64-fedora-clang | 0.4.0 | 155.47 | NOTE | |||
r-devel-linux-x86_64-fedora-gcc | 0.4.0 | 157.56 | NOTE | |||
r-devel-windows-x86_64 | 0.4.0 | 9.00 | 109.00 | 118.00 | NOTE | |
r-patched-linux-x86_64 | 0.4.0 | 16.87 | 109.16 | 126.03 | NOTE | |
r-release-linux-x86_64 | 0.4.0 | 7.68 | 110.08 | 117.76 | NOTE | |
r-release-macos-arm64 | 0.4.0 | 61.00 | NOTE | |||
r-release-macos-x86_64 | 0.4.0 | 89.00 | NOTE | |||
r-release-windows-x86_64 | 0.4.0 | 12.00 | 127.00 | 139.00 | NOTE | |
r-oldrel-macos-arm64 | 0.4.0 | 55.00 | NOTE | |||
r-oldrel-macos-x86_64 | 0.4.0 | 88.00 | NOTE | |||
r-oldrel-windows-x86_64 | 0.4.0 | 14.00 | 129.00 | 143.00 | NOTE |
Version: 0.4.0
Check: LazyData
Result: NOTE
'LazyData' is specified without a 'data' directory
Flavors: r-devel-linux-x86_64-debian-clang, r-devel-linux-x86_64-debian-gcc, r-devel-linux-x86_64-fedora-clang, r-devel-linux-x86_64-fedora-gcc, r-devel-windows-x86_64, r-patched-linux-x86_64, r-release-linux-x86_64, r-release-macos-arm64, r-release-macos-x86_64, r-release-windows-x86_64, r-oldrel-macos-arm64, r-oldrel-macos-x86_64, r-oldrel-windows-x86_64
Version: 0.4.0
Check: dependencies in R code
Result: NOTE
Namespace in Imports field not imported from: ‘plotly’
All declared Imports should be used.
Flavors: r-devel-linux-x86_64-fedora-clang, r-devel-linux-x86_64-fedora-gcc, r-oldrel-macos-arm64, r-oldrel-macos-x86_64