Last updated on 2023-11-28 04:57:19 CET.
Flavor | Version | Tinstall | Tcheck | Ttotal | Status | Flags |
---|---|---|---|---|---|---|
r-devel-linux-x86_64-debian-clang | 1.0.1 | 7.84 | 199.29 | 207.13 | OK | |
r-devel-linux-x86_64-debian-gcc | 1.0.1 | 6.42 | 146.33 | 152.75 | OK | |
r-devel-linux-x86_64-fedora-clang | 1.0.1 | 243.77 | NOTE | |||
r-devel-linux-x86_64-fedora-gcc | 1.0.1 | 248.58 | OK | |||
r-devel-windows-x86_64 | 1.0.1 | 9.00 | 148.00 | 157.00 | OK | |
r-patched-linux-x86_64 | 1.0.1 | 7.06 | 186.33 | 193.39 | OK | |
r-release-linux-x86_64 | 1.0.1 | 4.88 | 181.01 | 185.89 | OK | |
r-release-macos-arm64 | 1.0.1 | 78.00 | OK | |||
r-release-macos-x86_64 | 1.0.1 | 125.00 | OK | |||
r-release-windows-x86_64 | 1.0.1 | 11.00 | 184.00 | 195.00 | OK | |
r-oldrel-macos-arm64 | 1.0.1 | 102.00 | OK | |||
r-oldrel-macos-x86_64 | 1.0.1 | 112.00 | OK | |||
r-oldrel-windows-x86_64 | 1.0.1 | 13.00 | 195.00 | 208.00 | OK |
Version: 1.0.1
Check: Rd cross-references
Result: NOTE
Undeclared package ‘rlang’ in Rd xrefs
Flavor: r-devel-linux-x86_64-fedora-clang