Last updated on 2023-11-29 04:57:22 CET.
Flavor | Version | Tinstall | Tcheck | Ttotal | Status | Flags |
---|---|---|---|---|---|---|
r-devel-linux-x86_64-debian-clang | 0.1.12 | 8.82 | 77.37 | 86.19 | OK | |
r-devel-linux-x86_64-debian-gcc | 0.1.12 | 6.43 | 57.62 | 64.05 | OK | |
r-devel-linux-x86_64-fedora-clang | 0.1.12 | 108.41 | NOTE | |||
r-devel-linux-x86_64-fedora-gcc | 0.1.12 | 112.98 | NOTE | |||
r-devel-windows-x86_64 | 0.1.12 | 8.00 | 84.00 | 92.00 | OK | |
r-patched-linux-x86_64 | 0.1.12 | 8.56 | 72.86 | 81.42 | OK | |
r-release-linux-x86_64 | 0.1.12 | 5.63 | 71.50 | 77.13 | OK | |
r-release-macos-arm64 | 0.1.12 | 38.00 | OK | |||
r-release-macos-x86_64 | 0.1.12 | 61.00 | OK | |||
r-release-windows-x86_64 | 0.1.12 | 12.00 | 94.00 | 106.00 | OK | |
r-oldrel-macos-arm64 | 0.1.12 | 33.00 | NOTE | |||
r-oldrel-macos-x86_64 | 0.1.12 | 56.00 | NOTE | |||
r-oldrel-windows-x86_64 | 0.1.12 | 12.00 | 95.00 | 107.00 | OK |
Version: 0.1.12
Check: dependencies in R code
Result: NOTE
Namespaces in Imports field not imported from:
‘googlesheets4’ ‘tidyr’
All declared Imports should be used.
Flavors: r-devel-linux-x86_64-fedora-clang, r-devel-linux-x86_64-fedora-gcc, r-oldrel-macos-arm64, r-oldrel-macos-x86_64