CRAN Package Check Results for Package getable

Last updated on 2023-12-09 04:50:53 CET.

Flavor Version Tinstall Tcheck Ttotal Status Flags
r-devel-linux-x86_64-debian-clang 1.0.3 1.51 25.63 27.14 NOTE
r-devel-linux-x86_64-debian-gcc 1.0.3 1.59 20.24 21.83 NOTE
r-devel-linux-x86_64-fedora-clang 1.0.3 36.03 NOTE
r-devel-linux-x86_64-fedora-gcc 1.0.3 46.08 NOTE
r-devel-windows-x86_64 1.0.3 3.00 43.00 46.00 NOTE
r-patched-linux-x86_64 1.0.3 2.20 23.77 25.97 NOTE
r-release-linux-x86_64 1.0.3 2.15 23.33 25.48 NOTE
r-release-macos-arm64 1.0.3 26.00 NOTE
r-release-macos-x86_64 1.0.3 33.00 NOTE
r-release-windows-x86_64 1.0.3 3.00 41.00 44.00 NOTE
r-oldrel-macos-arm64 1.0.3 18.00 NOTE
r-oldrel-macos-x86_64 1.0.3 21.00 NOTE
r-oldrel-windows-x86_64 1.0.3 4.00 45.00 49.00 NOTE

Check Details

Version: 1.0.3
Check: LazyData
Result: NOTE 'LazyData' is specified without a 'data' directory Flavors: r-devel-linux-x86_64-debian-clang, r-devel-linux-x86_64-debian-gcc, r-devel-linux-x86_64-fedora-clang, r-devel-linux-x86_64-fedora-gcc, r-devel-windows-x86_64, r-patched-linux-x86_64, r-release-linux-x86_64, r-release-macos-arm64, r-release-macos-x86_64, r-release-windows-x86_64, r-oldrel-macos-arm64, r-oldrel-macos-x86_64, r-oldrel-windows-x86_64