CRAN Package Check Results for Package getable

Last updated on 2024-05-26 06:01:57 CEST.

Flavor Version Tinstall Tcheck Ttotal Status Flags
r-devel-linux-x86_64-debian-clang 1.0.3 2.28 28.18 30.46 NOTE
r-devel-linux-x86_64-debian-gcc 1.0.3 1.66 21.75 23.41 NOTE
r-devel-linux-x86_64-fedora-clang 1.0.3 38.74 NOTE
r-devel-linux-x86_64-fedora-gcc 1.0.3 49.52 NOTE
r-devel-windows-x86_64 1.0.3 3.00 42.00 45.00 NOTE
r-patched-linux-x86_64 1.0.3 1.99 27.01 29.00 NOTE
r-release-linux-x86_64 1.0.3 2.16 26.38 28.54 NOTE
r-release-macos-arm64 1.0.3 23.00 NOTE
r-release-windows-x86_64 1.0.3 3.00 43.00 46.00 NOTE
r-oldrel-macos-arm64 1.0.3 26.00 NOTE
r-oldrel-macos-x86_64 1.0.3 33.00 NOTE
r-oldrel-windows-x86_64 1.0.3 3.00 44.00 47.00 NOTE

Check Details

Version: 1.0.3
Check: LazyData
Result: NOTE 'LazyData' is specified without a 'data' directory Flavors: r-devel-linux-x86_64-debian-clang, r-devel-linux-x86_64-debian-gcc, r-devel-linux-x86_64-fedora-clang, r-devel-linux-x86_64-fedora-gcc, r-devel-windows-x86_64, r-patched-linux-x86_64, r-release-linux-x86_64, r-release-macos-arm64, r-release-windows-x86_64, r-oldrel-macos-arm64, r-oldrel-macos-x86_64, r-oldrel-windows-x86_64