CRAN Package Check Results for Package gesttools

Last updated on 2024-03-03 04:48:37 CET.

Flavor Version Tinstall Tcheck Ttotal Status Flags
r-devel-linux-x86_64-debian-clang 1.3.0 16.29 122.53 138.82 NOTE
r-devel-linux-x86_64-debian-gcc 1.3.0 11.57 92.08 103.65 NOTE
r-devel-linux-x86_64-fedora-clang 1.3.0 166.05 NOTE
r-devel-linux-x86_64-fedora-gcc 1.3.0 162.81 NOTE
r-devel-windows-x86_64 1.3.0 11.00 101.00 112.00 OK
r-patched-linux-x86_64 1.3.0 8.54 119.99 128.53 OK
r-release-linux-x86_64 1.3.0 10.56 117.07 127.63 OK
r-release-macos-arm64 1.3.0 48.00 OK
r-release-macos-x86_64 1.3.0 82.00 OK
r-release-windows-x86_64 1.3.0 18.00 120.00 138.00 OK
r-oldrel-macos-arm64 1.3.0 48.00 OK
r-oldrel-windows-x86_64 1.3.0 17.00 124.00 141.00 OK

Check Details

Version: 1.3.0
Check: Rd files
Result: NOTE checkRd: (-1) gestMultiple.Rd:80: Lost braces in \itemize; meant \describe ? checkRd: (-1) gestMultiple.Rd:81-83: Lost braces in \itemize; meant \describe ? checkRd: (-1) gestMultiple.Rd:84-86: Lost braces in \itemize; meant \describe ? checkRd: (-1) gestMultiple.Rd:87-90: Lost braces in \itemize; meant \describe ? checkRd: (-1) gestSingle.Rd:74: Lost braces in \itemize; meant \describe ? checkRd: (-1) gestSingle.Rd:75-78: Lost braces in \itemize; meant \describe ? checkRd: (-1) gestSingle.Rd:79-80: Lost braces in \itemize; meant \describe ? checkRd: (-1) gestSingle.Rd:81-84: Lost braces in \itemize; meant \describe ? Flavors: r-devel-linux-x86_64-debian-clang, r-devel-linux-x86_64-debian-gcc, r-devel-linux-x86_64-fedora-clang, r-devel-linux-x86_64-fedora-gcc