CRAN Package Check Results for Package geouy

Last updated on 2023-11-29 04:57:22 CET.

Flavor Version Tinstall Tcheck Ttotal Status Flags
r-devel-linux-x86_64-debian-clang 0.2.8 37.15 327.10 364.25 OK
r-devel-linux-x86_64-debian-gcc 0.2.8 26.28 239.81 266.09 OK
r-devel-linux-x86_64-fedora-clang 0.2.8 448.93 NOTE
r-devel-linux-x86_64-fedora-gcc 0.2.8 433.11 NOTE
r-devel-windows-x86_64 0.2.8 26.00 205.00 231.00 OK
r-patched-linux-x86_64 0.2.8 28.08 302.31 330.39 OK
r-release-linux-x86_64 0.2.8 25.64 306.28 331.92 OK
r-release-macos-arm64 0.2.8 105.00 OK
r-release-macos-x86_64 0.2.8 223.00 OK
r-release-windows-x86_64 0.2.8 41.00 275.00 316.00 OK
r-oldrel-macos-arm64 0.2.8 104.00 OK
r-oldrel-macos-x86_64 0.2.8 137.00 OK
r-oldrel-windows-x86_64 0.2.8 42.00 264.00 306.00 OK

Check Details

Version: 0.2.8
Check: data for non-ASCII characters
Result: NOTE Note: found 64 marked Latin-1 strings Note: found 25 marked UTF-8 strings Flavors: r-devel-linux-x86_64-fedora-clang, r-devel-linux-x86_64-fedora-gcc