Last updated on 2023-12-07 04:56:23 CET.
Flavor | Version | Tinstall | Tcheck | Ttotal | Status | Flags |
---|---|---|---|---|---|---|
r-devel-linux-x86_64-debian-clang | 0.5.3 | 380.91 | 480.38 | 861.29 | NOTE | |
r-devel-linux-x86_64-debian-gcc | 0.5.3 | 262.54 | 390.02 | 652.56 | NOTE | |
r-devel-linux-x86_64-fedora-clang | 0.5.3 | 994.34 | NOTE | |||
r-devel-linux-x86_64-fedora-gcc | 0.5.3 | 1157.84 | NOTE | |||
r-devel-windows-x86_64 | 0.5.3 | 240.00 | 396.00 | 636.00 | NOTE | |
r-patched-linux-x86_64 | 0.5.3 | 0.02 | 2.61 | 2.63 | ERROR | |
r-release-linux-x86_64 | 0.5.3 | 0.02 | 2.67 | 2.69 | ERROR | |
r-release-macos-arm64 | 0.5.3 | 270.00 | NOTE | |||
r-release-macos-x86_64 | 0.5.3 | 678.00 | NOTE | |||
r-release-windows-x86_64 | 0.5.3 | 308.00 | 502.00 | 810.00 | NOTE | |
r-oldrel-macos-arm64 | 0.5.3 | 255.00 | NOTE | |||
r-oldrel-macos-x86_64 | 0.5.2 | 448.00 | NOTE | |||
r-oldrel-windows-x86_64 | 0.5.3 | 287.00 | 483.00 | 770.00 | NOTE |
Version: 0.5.3
Check: for GNU extensions in Makefiles
Result: NOTE
GNU make is a SystemRequirements.
Flavors: r-devel-linux-x86_64-debian-clang, r-devel-linux-x86_64-debian-gcc, r-devel-linux-x86_64-fedora-clang, r-devel-linux-x86_64-fedora-gcc, r-devel-windows-x86_64, r-release-macos-arm64, r-release-macos-x86_64, r-release-windows-x86_64, r-oldrel-macos-arm64, r-oldrel-windows-x86_64
Version: 0.5.3
Check: installed package size
Result: NOTE
installed size is 5.2Mb
sub-directories of 1Mb or more:
libs 3.5Mb
Flavors: r-devel-linux-x86_64-fedora-clang, r-release-macos-arm64, r-release-macos-x86_64, r-oldrel-macos-arm64
Version: 0.5.3
Check: dependencies in R code
Result: NOTE
Namespaces in Imports field not imported from:
‘RcppParallel’ ‘rstantools’
All declared Imports should be used.
Flavors: r-devel-linux-x86_64-fedora-clang, r-devel-linux-x86_64-fedora-gcc
Version: 0.5.3
Check: Rd cross-references
Result: NOTE
Undeclared package ‘loo’ in Rd xrefs
Flavor: r-devel-linux-x86_64-fedora-clang
Version: 0.5.3
Check: whether package can be installed
Result: ERROR
Installation failed.
Flavors: r-patched-linux-x86_64, r-release-linux-x86_64
Version: 0.5.2
Check: installed package size
Result: NOTE
installed size is 76.7Mb
sub-directories of 1Mb or more:
libs 75.0Mb
Flavor: r-oldrel-macos-x86_64
Version: 0.5.2
Check: for GNU extensions in Makefiles
Result: NOTE
GNU make is a SystemRequirements.
Flavor: r-oldrel-macos-x86_64