CRAN Package Check Results for Package geospark

Last updated on 2024-03-02 04:48:23 CET.

Flavor Version Tinstall Tcheck Ttotal Status Flags
r-devel-linux-x86_64-debian-clang 0.3.1 7.92 63.40 71.32 NOTE
r-devel-linux-x86_64-debian-gcc 0.3.1 5.97 48.04 54.01 NOTE
r-devel-linux-x86_64-fedora-clang 0.3.1 89.85 NOTE
r-devel-linux-x86_64-fedora-gcc 0.3.1 82.53 NOTE
r-devel-windows-x86_64 0.3.1 7.00 71.00 78.00 NOTE
r-patched-linux-x86_64 0.3.1 6.39 60.81 67.20 NOTE
r-release-linux-x86_64 0.3.1 4.68 61.31 65.99 NOTE
r-release-macos-arm64 0.3.1 31.00 NOTE
r-release-macos-x86_64 0.3.1 45.00 NOTE
r-release-windows-x86_64 0.3.1 11.00 78.00 89.00 NOTE
r-oldrel-macos-arm64 0.3.1 29.00 NOTE
r-oldrel-windows-x86_64 0.3.1 9.00 82.00 91.00 NOTE

Check Details

Version: 0.3.1
Check: LazyData
Result: NOTE 'LazyData' is specified without a 'data' directory Flavors: r-devel-linux-x86_64-debian-clang, r-devel-linux-x86_64-debian-gcc, r-devel-linux-x86_64-fedora-clang, r-devel-linux-x86_64-fedora-gcc, r-devel-windows-x86_64, r-patched-linux-x86_64, r-release-linux-x86_64, r-release-macos-arm64, r-release-macos-x86_64, r-release-windows-x86_64, r-oldrel-macos-arm64, r-oldrel-windows-x86_64

Version: 0.3.1
Check: dependencies in R code
Result: NOTE Namespace in Imports field not imported from: ‘dbplyr’ All declared Imports should be used. Flavors: r-devel-linux-x86_64-fedora-clang, r-devel-linux-x86_64-fedora-gcc, r-oldrel-macos-arm64