CRAN Package Check Results for Package genomicper

Last updated on 2024-02-20 04:23:55 CET.

Flavor Version Tinstall Tcheck Ttotal Status Flags
r-devel-linux-x86_64-debian-clang 1.7 OK
r-devel-linux-x86_64-debian-gcc 1.7 14.42 144.59 159.01 OK
r-devel-linux-x86_64-fedora-clang 1.7 260.13 OK
r-devel-linux-x86_64-fedora-gcc 1.7 253.27 OK
r-devel-windows-x86_64 1.7 18.00 150.00 168.00 OK
r-patched-linux-x86_64 1.7 19.84 190.40 210.24 OK
r-release-linux-x86_64 1.7 13.39 186.60 199.99 OK
r-release-macos-arm64 1.7 9.00 ERROR
r-release-macos-x86_64 1.7 6.00 ERROR
r-release-windows-x86_64 1.7 17.00 190.00 207.00 OK
r-oldrel-macos-arm64 1.7 68.00 OK
r-oldrel-windows-x86_64 1.7 25.00 184.00 209.00 OK

Check Details

Version: 1.7
Check: package dependencies
Result: ERROR Package required but not available: ‘reactome.db’ See section ‘The DESCRIPTION file’ in the ‘Writing R Extensions’ manual. Flavors: r-release-macos-arm64, r-release-macos-x86_64