Last updated on 2023-12-04 05:09:06 CET.
Flavor | Version | Tinstall | Tcheck | Ttotal | Status | Flags |
---|---|---|---|---|---|---|
r-devel-linux-x86_64-debian-clang | 1.1.2 | 34.14 | 56.41 | 90.55 | OK | |
r-devel-linux-x86_64-debian-gcc | 1.1.2 | 22.22 | 43.00 | 65.22 | OK | |
r-devel-linux-x86_64-fedora-clang | 1.1.2 | 138.42 | OK | |||
r-devel-linux-x86_64-fedora-gcc | 1.1.2 | 147.38 | OK | |||
r-devel-windows-x86_64 | 1.1.2 | 32.00 | 92.00 | 124.00 | OK | |
r-patched-linux-x86_64 | 1.1.2 | 25.04 | 54.69 | 79.73 | OK | |
r-release-linux-x86_64 | 1.1.2 | 23.95 | 54.34 | 78.29 | OK | |
r-release-macos-arm64 | 1.1.2 | 43.00 | NOTE | |||
r-release-macos-x86_64 | 1.1.2 | 73.00 | OK | |||
r-release-windows-x86_64 | 1.1.2 | 40.00 | 103.00 | 143.00 | OK | |
r-oldrel-macos-arm64 | 1.1.2 | 44.00 | OK | |||
r-oldrel-macos-x86_64 | 1.1.2 | 56.00 | OK | |||
r-oldrel-windows-x86_64 | 1.1.2 | 36.00 | 100.00 | 136.00 | OK |
Version: 1.1.2
Check: package dependencies
Result: NOTE
Package suggested but not available for checking: ‘snpStats’
Flavor: r-release-macos-arm64