CRAN Package Check Results for Package gemtc

Last updated on 2024-02-23 05:07:20 CET.

Flavor Version Tinstall Tcheck Ttotal Status Flags
r-devel-linux-x86_64-debian-clang 1.0-2 NOTE
r-devel-linux-x86_64-debian-gcc 1.0-2 9.70 115.50 125.20 NOTE
r-devel-linux-x86_64-fedora-clang 1.0-2 204.10 OK
r-devel-linux-x86_64-fedora-gcc 1.0-2 203.08 OK
r-devel-windows-x86_64 1.0-2 11.00 128.00 139.00 OK
r-patched-linux-x86_64 1.0-2 10.87 153.36 164.23 OK
r-release-linux-x86_64 1.0-2 9.36 154.66 164.02 OK
r-release-macos-arm64 1.0-2 47.00 OK
r-release-macos-x86_64 1.0-2 152.00 OK
r-release-windows-x86_64 1.0-2 15.00 165.00 180.00 OK
r-oldrel-macos-arm64 1.0-2 49.00 OK
r-oldrel-windows-x86_64 1.0-2 16.00 176.00 192.00 OK

Check Details

Version: 1.0-2
Check: Rd files
Result: NOTE checkRd: (-1) parkinson.Rd:9: Lost braces in \itemize; meant \describe ? checkRd: (-1) parkinson.Rd:10: Lost braces in \itemize; meant \describe ? checkRd: (-1) parkinson.Rd:11: Lost braces in \itemize; meant \describe ? Flavors: r-devel-linux-x86_64-debian-clang, r-devel-linux-x86_64-debian-gcc