Last updated on 2023-11-29 04:57:22 CET.
Flavor | Version | Tinstall | Tcheck | Ttotal | Status | Flags |
---|---|---|---|---|---|---|
r-devel-linux-x86_64-debian-clang | 1.3 | 6.80 | 44.74 | 51.54 | NOTE | |
r-devel-linux-x86_64-debian-gcc | 1.3 | 4.39 | 34.13 | 38.52 | NOTE | |
r-devel-linux-x86_64-fedora-clang | 1.3 | 61.88 | OK | |||
r-devel-linux-x86_64-fedora-gcc | 1.3 | 60.19 | OK | |||
r-devel-windows-x86_64 | 1.3 | 6.00 | 56.00 | 62.00 | OK | |
r-patched-linux-x86_64 | 1.3 | 6.34 | 41.92 | 48.26 | OK | |
r-release-linux-x86_64 | 1.3 | 4.33 | 41.47 | 45.80 | OK | |
r-release-macos-arm64 | 1.3 | 22.00 | OK | |||
r-release-macos-x86_64 | 1.3 | 33.00 | OK | |||
r-release-windows-x86_64 | 1.3 | 5.00 | 59.00 | 64.00 | OK | |
r-oldrel-macos-arm64 | 1.3 | 23.00 | OK | |||
r-oldrel-macos-x86_64 | 1.3 | 29.00 | OK | |||
r-oldrel-windows-x86_64 | 1.3 | 8.00 | 60.00 | 68.00 | OK |
Version: 1.3
Check: Rd files
Result: NOTE
checkRd: (-1) dental.Rd:15: Lost braces in \itemize; meant \describe ?
checkRd: (-1) dental.Rd:16: Lost braces in \itemize; meant \describe ?
checkRd: (-1) dental.Rd:17: Lost braces in \itemize; meant \describe ?
checkRd: (-1) dental.Rd:18: Lost braces in \itemize; meant \describe ?
checkRd: (-1) dental.Rd:19: Lost braces in \itemize; meant \describe ?
checkRd: (-1) dental.Rd:20: Lost braces in \itemize; meant \describe ?
checkRd: (-1) seizure.Rd:15: Lost braces in \itemize; meant \describe ?
checkRd: (-1) seizure.Rd:16: Lost braces in \itemize; meant \describe ?
checkRd: (-1) seizure.Rd:17: Lost braces in \itemize; meant \describe ?
checkRd: (-1) seizure.Rd:18: Lost braces in \itemize; meant \describe ?
checkRd: (-1) seizure.Rd:19: Lost braces in \itemize; meant \describe ?
checkRd: (-1) seizure.Rd:20: Lost braces in \itemize; meant \describe ?
checkRd: (-1) seizure.Rd:21: Lost braces in \itemize; meant \describe ?
Flavors: r-devel-linux-x86_64-debian-clang, r-devel-linux-x86_64-debian-gcc