Last updated on 2023-11-29 04:57:22 CET.
Flavor | Version | Tinstall | Tcheck | Ttotal | Status | Flags |
---|---|---|---|---|---|---|
r-devel-linux-x86_64-debian-clang | 1.1.8 | 51.78 | 53.83 | 105.61 | OK | |
r-devel-linux-x86_64-debian-gcc | 1.1.8 | 39.45 | 39.76 | 79.21 | OK | |
r-devel-linux-x86_64-fedora-clang | 1.1.8 | 153.45 | NOTE | |||
r-devel-linux-x86_64-fedora-gcc | 1.1.8 | 151.65 | OK | |||
r-devel-windows-x86_64 | 1.1.8 | 43.00 | 80.00 | 123.00 | OK | |
r-patched-linux-x86_64 | 1.1.8 | 53.64 | 51.58 | 105.22 | OK | |
r-release-linux-x86_64 | 1.1.8 | 49.60 | 50.35 | 99.95 | OK | |
r-release-macos-arm64 | 1.1.8 | 37.00 | OK | |||
r-release-macos-x86_64 | 1.1.8 | 65.00 | OK | |||
r-release-windows-x86_64 | 1.1.8 | 57.00 | 90.00 | 147.00 | OK | |
r-oldrel-macos-arm64 | 1.1.8 | 39.00 | OK | |||
r-oldrel-macos-x86_64 | 1.1.8 | 50.00 | OK | |||
r-oldrel-windows-x86_64 | 1.1.8 | 54.00 | 87.00 | 141.00 | OK |
Version: 1.1.8
Check: Rd cross-references
Result: NOTE
Undeclared package ‘gcmr’ in Rd xrefs
Flavor: r-devel-linux-x86_64-fedora-clang