CRAN Package Check Results for Package gbeta

Last updated on 2024-02-23 05:07:20 CET.

Flavor Version Tinstall Tcheck Ttotal Status Flags
r-devel-linux-x86_64-debian-clang 0.1.0 OK
r-devel-linux-x86_64-debian-gcc 0.1.0 30.97 26.60 57.57 OK
r-devel-linux-x86_64-fedora-clang 0.1.0 94.29 OK
r-devel-linux-x86_64-fedora-gcc 0.1.0 113.40 OK
r-devel-windows-x86_64 0.1.0 30.00 69.00 99.00 OK
r-patched-linux-x86_64 0.1.0 40.60 34.20 74.80 OK
r-release-linux-x86_64 0.1.0 35.57 33.12 68.69 OK
r-release-macos-arm64 0.1.0 36.00 NOTE
r-release-macos-x86_64 0.1.0 54.00 NOTE
r-release-windows-x86_64 0.1.0 38.00 73.00 111.00 OK
r-oldrel-macos-arm64 0.1.0 31.00 NOTE
r-oldrel-windows-x86_64 0.1.0 36.00 74.00 110.00 OK

Check Details

Version: 0.1.0
Check: installed package size
Result: NOTE installed size is 7.1Mb sub-directories of 1Mb or more: libs 7.0Mb Flavors: r-release-macos-arm64, r-release-macos-x86_64, r-oldrel-macos-arm64