Last updated on 2023-11-29 04:57:21 CET.
Flavor | Version | Tinstall | Tcheck | Ttotal | Status | Flags |
---|---|---|---|---|---|---|
r-devel-linux-x86_64-debian-clang | 1.5-3 | 27.97 | 275.76 | 303.73 | OK | |
r-devel-linux-x86_64-debian-gcc | 1.5-3 | 22.54 | 197.03 | 219.57 | OK | |
r-devel-linux-x86_64-fedora-clang | 1.5-3 | 366.51 | NOTE | |||
r-devel-linux-x86_64-fedora-gcc | 1.5-3 | 372.94 | OK | |||
r-devel-windows-x86_64 | 1.5-3 | 31.00 | 409.00 | 440.00 | NOTE | |
r-patched-linux-x86_64 | 1.5-3 | 30.24 | 264.98 | 295.22 | OK | |
r-release-linux-x86_64 | 1.5-3 | 27.59 | 261.95 | 289.54 | OK | |
r-release-macos-arm64 | 1.5-3 | 126.00 | NOTE | |||
r-release-macos-x86_64 | 1.5-3 | 235.00 | NOTE | |||
r-release-windows-x86_64 | 1.5-3 | 42.00 | 397.00 | 439.00 | NOTE | |
r-oldrel-macos-arm64 | 1.5-3 | 128.00 | NOTE | |||
r-oldrel-macos-x86_64 | 1.5-3 | 184.00 | ERROR | |||
r-oldrel-windows-x86_64 | 1.5-3 | 38.00 | 408.00 | 446.00 | NOTE |
Version: 1.5-3
Check: installed package size
Result: NOTE
installed size is 11.2Mb
sub-directories of 1Mb or more:
doc 7.9Mb
libs 2.2Mb
Flavors: r-devel-linux-x86_64-fedora-clang, r-devel-windows-x86_64, r-release-macos-arm64, r-release-macos-x86_64, r-release-windows-x86_64, r-oldrel-macos-arm64, r-oldrel-macos-x86_64, r-oldrel-windows-x86_64
Version: 1.5-3
Check: Rd cross-references
Result: NOTE
Undeclared package ‘car’ in Rd xrefs
Flavor: r-devel-linux-x86_64-fedora-clang
Version: 1.5-3
Check: PDF version of manual
Result: WARN
LaTeX errors when creating PDF version.
This typically indicates Rd problems.
LaTeX errors found:
! LaTeX Error: Environment aligned undefined.
See the LaTeX manual or LaTeX Companion for explanation.
Type H <return> for immediate help.
...
! Misplaced alignment tab character &.
<argument> \begin {aligned} L &
= m - z_\alpha s \cr U & = m + z_\alpha s \...
l.1068 }{}
! Misplaced \cr.
<argument> ... {aligned} L & = m - z_\alpha s \cr
U & = m + z_\alpha s \end ...
l.1068 }{}
! Misplaced alignment tab character &.
<argument> ...ligned} L & = m - z_\alpha s \cr U &
= m + z_\alpha s \end {al...
l.1068 }{}
! LaTeX Error: \begin{list} on input line 1059 ended by \end{aligned}.
See the LaTeX manual or LaTeX Companion for explanation.
Type H <return> for immediate help.
...
! LaTeX Error: Environment aligned undefined.
See the LaTeX manual or LaTeX Companion for explanation.
Type H <return> for immediate help.
...
! Misplaced alignment tab character &.
<argument> \begin {aligned} m &
= \frac {U + L}{2} \cr s & = \frac {U - L}{...
l.1075 }{}
! Misplaced \cr.
<argument> ...aligned} m & = \frac {U + L}{2} \cr
s & = \frac {U - L}{2 z_\a...
l.1075 }{}
! Misplaced alignment tab character &.
<argument> ...gned} m & = \frac {U + L}{2} \cr s &
= \frac {U - L}{2 z_\alph...
l.1075 }{}
! LaTeX Error: \begin{list} on input line 1059 ended by \end{aligned}.
See the LaTeX manual or LaTeX Companion for explanation.
Type H <return> for immediate help.
...
Flavor: r-oldrel-macos-x86_64
Version: 1.5-3
Check: PDF version of manual without index
Result: ERROR
Flavor: r-oldrel-macos-x86_64