CRAN Package Check Results for Package gamboostLSS

Last updated on 2023-12-07 04:56:23 CET.

Flavor Version Tinstall Tcheck Ttotal Status Flags
r-devel-linux-x86_64-debian-clang 2.0-7 11.78 280.76 292.54 NOTE
r-devel-linux-x86_64-debian-gcc 2.0-7 10.69 207.23 217.92 NOTE
r-devel-linux-x86_64-fedora-clang 2.0-7 371.63 OK
r-devel-linux-x86_64-fedora-gcc 2.0-7 369.33 OK
r-devel-windows-x86_64 2.0-7 12.00 274.00 286.00 OK
r-patched-linux-x86_64 2.0-7 13.07 277.32 290.39 OK
r-release-linux-x86_64 2.0-7 11.08 273.82 284.90 OK
r-release-macos-arm64 2.0-7 150.00 OK
r-release-macos-x86_64 2.0-7 245.00 NOTE
r-release-windows-x86_64 2.0-7 15.00 307.00 322.00 OK
r-oldrel-macos-arm64 2.0-7 141.00 OK
r-oldrel-macos-x86_64 2.0-7 188.00 OK
r-oldrel-windows-x86_64 2.0-7 14.00 317.00 331.00 OK

Check Details

Version: 2.0-7
Check: Rd files
Result: NOTE checkRd: (-1) stabsel.mboostLSS.Rd:44: Lost braces 44 | always use code{"none"}.} | ^ Flavors: r-devel-linux-x86_64-debian-clang, r-devel-linux-x86_64-debian-gcc

Version: 2.0-7
Check: re-building of vignette outputs
Result: NOTE Error(s) in re-building vignettes: --- re-building ‘gamboostLSS_Tutorial.Rnw’ using Sweave Loading required package: R2BayesX Loading required package: BayesXsrc Loading required package: colorspace Loading required package: mgcv Loading required package: nlme This is mgcv 1.8-42. For overview type 'help("mgcv-package")'. Loading required package: gamboostLSS Loading required package: mboost Loading required package: parallel Loading required package: stabs Attaching package: 'gamboostLSS' The following object is masked from 'package:stats': model.weights Loading required namespace: BayesX Error: processing vignette 'gamboostLSS_Tutorial.Rnw' failed with diagnostics: Running 'texi2dvi' on 'gamboostLSS_Tutorial.tex' failed. LaTeX errors: ! LaTeX Error: File `dsfont.sty' not found. Type X to quit or <RETURN> to proceed, or enter new name. (Default extension: sty) ! Emergency stop. <read *> l.18 ^^M ! ==> Fatal error occurred, no output PDF file produced! --- failed re-building 'gamboostLSS_Tutorial.Rnw' SUMMARY: processing the following file failed: 'gamboostLSS_Tutorial.Rnw' Error: Vignette re-building failed. Execution halted Flavor: r-release-macos-x86_64