CRAN Package Check Results for Package gaiah

Last updated on 2024-06-14 05:58:23 CEST.

Flavor Version Tinstall Tcheck Ttotal Status Flags
r-devel-linux-x86_64-debian-clang 0.0.5 5.87 95.71 101.58 NOTE
r-devel-linux-x86_64-debian-gcc 0.0.5 0.45 1.72 2.17 ERROR
r-devel-linux-x86_64-fedora-clang 0.0.5 124.67 NOTE
r-devel-linux-x86_64-fedora-gcc 0.0.5 117.24 NOTE
r-devel-windows-x86_64 0.0.5 6.00 85.00 91.00 NOTE
r-patched-linux-x86_64 0.0.5 5.25 91.66 96.91 NOTE
r-release-linux-x86_64 0.0.5 5.93 91.95 97.88 NOTE
r-release-macos-arm64 0.0.5 35.00 NOTE
r-release-macos-x86_64 0.0.5 58.00 NOTE
r-release-windows-x86_64 0.0.5 7.00 84.00 91.00 NOTE
r-oldrel-macos-arm64 0.0.5 46.00 OK
r-oldrel-macos-x86_64 0.0.5 74.00 OK
r-oldrel-windows-x86_64 0.0.5 9.00 103.00 112.00 OK

Check Details

Version: 0.0.5
Check: Rd files
Result: NOTE checkRd: (-1) min_hpd_inc_area_df.Rd:20: Lost braces in \itemize; \value handles \item{}{} directly checkRd: (-1) min_hpd_inc_area_df.Rd:21-22: Lost braces in \itemize; \value handles \item{}{} directly checkRd: (-1) min_hpd_inc_area_df.Rd:23: Lost braces in \itemize; \value handles \item{}{} directly checkRd: (-1) vza_mean_and_var_rasters.Rd:20: Lost braces 20 | of the paper on Wilson's warbler, this function computes $tilde{T}^{(mu)}$ (returned as | ^ checkRd: (-1) vza_mean_and_var_rasters.Rd:20: Lost braces; missing escapes or markup? 20 | of the paper on Wilson's warbler, this function computes $tilde{T}^{(mu)}$ (returned as | ^ checkRd: (-1) vza_mean_and_var_rasters.Rd:21: Lost braces; missing escapes or markup? 21 | list component \code{mean.raster}) and $R^{(sigma^2)}$ (returned as list component | ^ Flavors: r-devel-linux-x86_64-debian-clang, r-devel-linux-x86_64-fedora-clang, r-devel-linux-x86_64-fedora-gcc, r-devel-windows-x86_64, r-patched-linux-x86_64, r-release-linux-x86_64, r-release-macos-arm64, r-release-macos-x86_64, r-release-windows-x86_64

Version: 0.0.5
Check: package dependencies
Result: ERROR Package required but not available: ‘dplyr’ Package suggested but not available for checking: ‘ggplot2’ See section ‘The DESCRIPTION file’ in the ‘Writing R Extensions’ manual. Flavor: r-devel-linux-x86_64-debian-gcc