Last updated on 2023-12-02 04:52:15 CET.
Flavor | Version | Tinstall | Tcheck | Ttotal | Status | Flags |
---|---|---|---|---|---|---|
r-devel-linux-x86_64-debian-clang | 0.8-16 | 19.95 | 221.78 | 241.73 | OK | |
r-devel-linux-x86_64-debian-gcc | 0.8-16 | 15.11 | 167.10 | 182.21 | OK | |
r-devel-linux-x86_64-fedora-clang | 0.8-16 | 304.34 | OK | |||
r-devel-linux-x86_64-fedora-gcc | 0.8-16 | 303.84 | OK | |||
r-devel-windows-x86_64 | 0.8-16 | 21.00 | 237.00 | 258.00 | OK | |
r-patched-linux-x86_64 | 0.8-15 | 20.37 | 217.95 | 238.32 | OK | |
r-release-linux-x86_64 | 0.8-15 | 16.98 | 219.53 | 236.51 | OK | |
r-release-macos-arm64 | 0.8-16 | 105.00 | OK | |||
r-release-macos-x86_64 | 0.8-15 | 134.00 | NOTE | |||
r-release-windows-x86_64 | 0.8-16 | 26.00 | 270.00 | 296.00 | OK | |
r-oldrel-macos-arm64 | 0.8-16 | 102.00 | OK | |||
r-oldrel-macos-x86_64 | 0.8-15 | 124.00 | OK | |||
r-oldrel-windows-x86_64 | 0.8-16 | 25.00 | 261.00 | 286.00 | OK |
Version: 0.8-15
Check: package dependencies
Result: NOTE
Packages suggested but not available for checking: 'Deducer', 'coin'
Flavor: r-release-macos-x86_64
Version: 0.8-15
Check: re-building of vignette outputs
Result: NOTE
Note: skipping ‘gMCP.Rnw’ due to unavailable dependencies: 'coin'
Flavor: r-release-macos-x86_64