Last updated on 2023-12-10 04:55:58 CET.
Flavor | Version | Tinstall | Tcheck | Ttotal | Status | Flags |
---|---|---|---|---|---|---|
r-devel-linux-x86_64-debian-clang | 1.6.3 | 8.58 | 100.69 | 109.27 | OK | |
r-devel-linux-x86_64-debian-gcc | 1.6.3 | 6.10 | 74.14 | 80.24 | OK | |
r-devel-linux-x86_64-fedora-clang | 1.6.3 | 140.07 | NOTE | |||
r-devel-linux-x86_64-fedora-gcc | 1.6.3 | 138.04 | OK | |||
r-devel-windows-x86_64 | 1.6.3 | 7.00 | 96.00 | 103.00 | NOTE | |
r-patched-linux-x86_64 | 1.6.3 | 6.62 | 96.15 | 102.77 | OK | |
r-release-linux-x86_64 | 1.6.3 | 8.03 | 96.27 | 104.30 | OK | |
r-release-macos-arm64 | 1.6.3 | 54.00 | NOTE | |||
r-release-macos-x86_64 | 1.6.3 | 126.00 | NOTE | |||
r-release-windows-x86_64 | 1.6.3 | 10.00 | 105.00 | 115.00 | NOTE | |
r-oldrel-macos-arm64 | 1.6.3 | 47.00 | NOTE | |||
r-oldrel-macos-x86_64 | 1.6.3 | 62.00 | NOTE | |||
r-oldrel-windows-x86_64 | 1.6.3 | 12.00 | 101.00 | 113.00 | NOTE |
Version: 1.6.3
Check: installed package size
Result: NOTE
installed size is 5.8Mb
sub-directories of 1Mb or more:
doc 1.2Mb
help 4.3Mb
Flavors: r-devel-linux-x86_64-fedora-clang, r-devel-windows-x86_64, r-release-macos-arm64, r-release-macos-x86_64, r-release-windows-x86_64, r-oldrel-macos-arm64, r-oldrel-macos-x86_64, r-oldrel-windows-x86_64