Last updated on 2023-11-29 04:57:21 CET.
Flavor | Version | Tinstall | Tcheck | Ttotal | Status | Flags |
---|---|---|---|---|---|---|
r-devel-linux-x86_64-debian-clang | 0.13.0 | 84.96 | 233.11 | 318.07 | OK | |
r-devel-linux-x86_64-debian-gcc | 0.13.0 | 57.74 | 179.78 | 237.52 | OK | |
r-devel-linux-x86_64-fedora-clang | 0.13.0 | 434.89 | OK | |||
r-devel-linux-x86_64-fedora-gcc | 0.13.0 | 445.72 | OK | |||
r-devel-windows-x86_64 | 0.13.0 | 66.00 | 218.00 | 284.00 | OK | |
r-patched-linux-x86_64 | 0.13.0 | 82.94 | 236.73 | 319.67 | OK | |
r-release-linux-x86_64 | 0.13.0 | 74.87 | 227.62 | 302.49 | OK | |
r-release-macos-arm64 | 0.13.0 | 130.00 | NOTE | |||
r-release-macos-x86_64 | 0.13.0 | 217.00 | NOTE | |||
r-release-windows-x86_64 | 0.13.0 | 87.00 | 255.00 | 342.00 | OK | |
r-oldrel-macos-arm64 | 0.13.0 | 120.00 | NOTE | |||
r-oldrel-macos-x86_64 | 0.13.0 | 152.00 | NOTE | |||
r-oldrel-windows-x86_64 | 0.13.0 | 81.00 | 237.00 | 318.00 | OK |
Version: 0.13.0
Check: installed package size
Result: NOTE
installed size is 5.5Mb
sub-directories of 1Mb or more:
libs 4.4Mb
Flavors: r-release-macos-arm64, r-release-macos-x86_64, r-oldrel-macos-arm64, r-oldrel-macos-x86_64