CRAN Package Check Results for Package funkyheatmap

Last updated on 2023-12-04 05:09:05 CET.

Flavor Version Tinstall Tcheck Ttotal Status Flags
r-devel-linux-x86_64-debian-clang 0.5.0 9.82 129.36 139.18 OK
r-devel-linux-x86_64-debian-gcc 0.5.0 7.68 97.97 105.65 OK
r-devel-linux-x86_64-fedora-clang 0.5.0 188.72 NOTE
r-devel-linux-x86_64-fedora-gcc 0.5.0 175.78 NOTE
r-devel-windows-x86_64 0.5.0 10.00 113.00 123.00 OK
r-patched-linux-x86_64 0.5.0 11.15 122.29 133.44 OK
r-release-linux-x86_64 0.5.0 7.30 123.80 131.10 OK
r-release-macos-arm64 0.5.0 58.00 OK
r-release-macos-x86_64 0.5.0 146.00 OK
r-release-windows-x86_64 0.5.0 12.00 145.00 157.00 OK
r-oldrel-macos-arm64 0.5.0 57.00 OK
r-oldrel-macos-x86_64 0.5.0 76.00 OK
r-oldrel-windows-x86_64 0.5.0 12.00 149.00 161.00 OK

Check Details

Version: 0.5.0
Check: data for non-ASCII characters
Result: NOTE Note: found 36 marked UTF-8 strings Flavors: r-devel-linux-x86_64-fedora-clang, r-devel-linux-x86_64-fedora-gcc