Last updated on 2023-12-06 04:55:51 CET.
Flavor | Version | Tinstall | Tcheck | Ttotal | Status | Flags |
---|---|---|---|---|---|---|
r-devel-linux-x86_64-debian-clang | 2.3 | 26.54 | 266.66 | 293.20 | NOTE | |
r-devel-linux-x86_64-debian-gcc | 2.3 | 23.71 | 199.38 | 223.09 | NOTE | |
r-devel-linux-x86_64-fedora-clang | 2.3 | 362.81 | OK | |||
r-devel-linux-x86_64-fedora-gcc | 2.3 | 353.44 | OK | |||
r-devel-windows-x86_64 | 2.3 | 26.00 | 225.00 | 251.00 | OK | |
r-patched-linux-x86_64 | 2.3 | 29.57 | 252.22 | 281.79 | OK | |
r-release-linux-x86_64 | 2.3 | 28.75 | 253.01 | 281.76 | OK | |
r-release-macos-arm64 | 2.3 | 94.00 | OK | |||
r-release-macos-x86_64 | 2.3 | 166.00 | OK | |||
r-release-windows-x86_64 | 2.3 | 33.00 | 282.00 | 315.00 | OK | |
r-oldrel-macos-arm64 | 2.3 | 87.00 | OK | |||
r-oldrel-macos-x86_64 | 2.3 | 116.00 | OK | |||
r-oldrel-windows-x86_64 | 2.3 | 33.00 | 264.00 | 297.00 | OK |
Version: 2.3
Check: Rd files
Result: NOTE
checkRd: (-1) SchmidLeiman.Rd:142: Lost braces
142 | \item{strong{HeywoodFlag}}(Integer) An integer indicating whether one or more
| ^
checkRd: (-1) summary.monte.Rd:34: Lost braces in \enumerate; \value handles \item{}{} directly
checkRd: (-1) summary.monte.Rd:35: Lost braces in \enumerate; \value handles \item{}{} directly
checkRd: (-1) summary.monte.Rd:36: Lost braces in \enumerate; \value handles \item{}{} directly
checkRd: (-1) summary.monte.Rd:38: Lost braces in \enumerate; \value handles \item{}{} directly
checkRd: (-1) summary.monte.Rd:39: Lost braces in \enumerate; \value handles \item{}{} directly
checkRd: (-1) summary.monte.Rd:40: Lost braces in \enumerate; \value handles \item{}{} directly
checkRd: (-1) summary.monte.Rd:41: Lost braces in \enumerate; \value handles \item{}{} directly
checkRd: (-1) summary.monte.Rd:42: Lost braces in \enumerate; \value handles \item{}{} directly
checkRd: (-1) summary.monte.Rd:43: Lost braces in \enumerate; \value handles \item{}{} directly
checkRd: (-1) summary.monte.Rd:44: Lost braces in \enumerate; \value handles \item{}{} directly
checkRd: (-1) summary.monte.Rd:45: Lost braces in \enumerate; \value handles \item{}{} directly
checkRd: (-1) summary.monte.Rd:46: Lost braces in \enumerate; \value handles \item{}{} directly
checkRd: (-1) summary.monte.Rd:47: Lost braces in \enumerate; \value handles \item{}{} directly
Flavors: r-devel-linux-x86_64-debian-clang, r-devel-linux-x86_64-debian-gcc