Last updated on 2023-12-01 04:53:55 CET.
Flavor | Version | Tinstall | Tcheck | Ttotal | Status | Flags |
---|---|---|---|---|---|---|
r-devel-linux-x86_64-debian-clang | 0.5.4 | 20.53 | 199.79 | 220.32 | NOTE | |
r-devel-linux-x86_64-debian-gcc | 0.5.4 | 16.86 | 148.47 | 165.33 | NOTE | |
r-devel-linux-x86_64-fedora-clang | 0.5.4 | 277.81 | NOTE | |||
r-devel-linux-x86_64-fedora-gcc | 0.5.4 | 268.72 | NOTE | |||
r-devel-windows-x86_64 | 0.5.4 | 21.00 | 221.00 | 242.00 | NOTE | |
r-patched-linux-x86_64 | 0.5.4 | 25.42 | 189.23 | 214.65 | OK | |
r-release-linux-x86_64 | 0.5.4 | 14.60 | 189.37 | 203.97 | OK | |
r-release-macos-arm64 | 0.5.4 | 74.00 | OK | |||
r-release-macos-x86_64 | 0.5.4 | 148.00 | OK | |||
r-release-windows-x86_64 | 0.5.4 | 29.00 | 255.00 | 284.00 | OK | |
r-oldrel-macos-arm64 | 0.5.4 | 67.00 | OK | |||
r-oldrel-macos-x86_64 | 0.5.4 | 100.00 | OK | |||
r-oldrel-windows-x86_64 | 0.5.4 | 34.00 | 206.00 | 240.00 | OK |
Version: 0.5.4
Check: Rd files
Result: NOTE
checkRd: (-1) export.Rd:60: Lost braces; missing escapes or markup?
60 | magick image instance or named list, depending on the value of 'img_only'. If the latter, the list contains the fields 'rev_vl', 'rev_cb', and 'rev_ex', which are the return values of the functions \code{vislayout.from.coloredmeshes}, \code{coloredmesh.plot.colorbar.separate}, and {combine.colorbar.with.brainview.image}, respectively.
| ^
checkRd: (-1) vis.export.from.coloredmeshes.Rd:57: Lost braces; missing escapes or markup?
57 | magick image instance or named list, depending on the value of 'img_only'. If the latter, the list contains the fields 'rev_vl', 'rev_cb', and 'rev_ex', which are the return values of the functions \code{vislayout.from.coloredmeshes}, \code{coloredmesh.plot.colorbar.separate}, and {combine.colorbar.with.brainview.image}, respectively.
| ^
Flavors: r-devel-linux-x86_64-debian-clang, r-devel-linux-x86_64-debian-gcc
Version: 0.5.4
Check: Rd \usage sections
Result: NOTE
Documented arguments not in \usage in Rd file 'draw.colorbar.Rd':
‘coloredmesh’
Documented arguments not in \usage in Rd file 'extend_neighbors.Rd':
‘min_dotp_threshold’
Documented arguments not in \usage in Rd file 'surf.sphere.spatialfilter.Rd':
‘gaussian_weight’
Functions with \usage entries need to have the appropriate \alias
entries, and all their arguments documented.
The \usage entries must correspond to syntactically valid R code.
See chapter ‘Writing R documentation files’ in the ‘Writing R
Extensions’ manual.
Flavors: r-devel-linux-x86_64-debian-clang, r-devel-linux-x86_64-debian-gcc, r-devel-linux-x86_64-fedora-clang, r-devel-linux-x86_64-fedora-gcc, r-devel-windows-x86_64