Last updated on 2023-12-07 04:56:23 CET.
Flavor | Version | Tinstall | Tcheck | Ttotal | Status | Flags |
---|---|---|---|---|---|---|
r-devel-linux-x86_64-debian-clang | 0.2.0 | 5.86 | 42.25 | 48.11 | NOTE | |
r-devel-linux-x86_64-debian-gcc | 0.2.0 | 4.43 | 32.78 | 37.21 | NOTE | |
r-devel-linux-x86_64-fedora-clang | 0.2.0 | 61.92 | NOTE | |||
r-devel-linux-x86_64-fedora-gcc | 0.2.0 | 56.05 | NOTE | |||
r-devel-windows-x86_64 | 0.2.0 | 6.00 | 53.00 | 59.00 | NOTE | |
r-patched-linux-x86_64 | 0.2.0 | 3.38 | 41.03 | 44.41 | NOTE | |
r-release-linux-x86_64 | 0.2.0 | 3.64 | 41.15 | 44.79 | NOTE | |
r-release-macos-arm64 | 0.2.0 | 21.00 | NOTE | |||
r-release-macos-x86_64 | 0.2.0 | 30.00 | NOTE | |||
r-release-windows-x86_64 | 0.2.0 | 7.00 | 56.00 | 63.00 | NOTE | |
r-oldrel-macos-arm64 | 0.2.0 | 18.00 | NOTE | |||
r-oldrel-macos-x86_64 | 0.2.0 | 45.00 | NOTE | |||
r-oldrel-windows-x86_64 | 0.2.0 | 7.00 | 60.00 | 67.00 | NOTE |
Version: 0.2.0
Check: LazyData
Result: NOTE
'LazyData' is specified without a 'data' directory
Flavors: r-devel-linux-x86_64-debian-clang, r-devel-linux-x86_64-debian-gcc, r-devel-linux-x86_64-fedora-clang, r-devel-linux-x86_64-fedora-gcc, r-devel-windows-x86_64, r-patched-linux-x86_64, r-release-linux-x86_64, r-release-macos-arm64, r-release-macos-x86_64, r-release-windows-x86_64, r-oldrel-macos-arm64, r-oldrel-macos-x86_64, r-oldrel-windows-x86_64