Last updated on 2023-12-04 05:09:05 CET.
Flavor | Version | Tinstall | Tcheck | Ttotal | Status | Flags |
---|---|---|---|---|---|---|
r-devel-linux-x86_64-debian-clang | 1.1-6 | 12.92 | 163.78 | 176.70 | NOTE | |
r-devel-linux-x86_64-debian-gcc | 1.1-6 | 9.24 | 126.68 | 135.92 | NOTE | |
r-devel-linux-x86_64-fedora-clang | 1.1-6 | 227.09 | OK | |||
r-devel-linux-x86_64-fedora-gcc | 1.1-6 | 222.65 | OK | |||
r-devel-windows-x86_64 | 1.1-6 | 10.00 | 160.00 | 170.00 | OK | |
r-patched-linux-x86_64 | 1.1-6 | 12.73 | 161.88 | 174.61 | OK | |
r-release-linux-x86_64 | 1.1-6 | 10.68 | 163.51 | 174.19 | OK | |
r-release-macos-arm64 | 1.1-6 | 73.00 | OK | |||
r-release-macos-x86_64 | 1.1-6 | 116.00 | NOTE | |||
r-release-windows-x86_64 | 1.1-6 | 13.00 | 184.00 | 197.00 | OK | |
r-oldrel-macos-arm64 | 1.1-6 | 64.00 | OK | |||
r-oldrel-macos-x86_64 | 1.1-6 | 86.00 | OK | |||
r-oldrel-windows-x86_64 | 1.1-6 | 13.00 | 196.00 | 209.00 | OK |
Version: 1.1-6
Check: Rd files
Result: NOTE
checkRd: (-1) print.Rd:14: Lost braces
14 | \item{latex}{Boolean, with code{TRUE} meaning to print latex-friendly
| ^
Flavors: r-devel-linux-x86_64-debian-clang, r-devel-linux-x86_64-debian-gcc
Version: 1.1-6
Check: re-building of vignette outputs
Result: NOTE
Error(s) in re-building vignettes:
--- re-building ‘freevig.Rmd’ using rmarkdown
Pandoc is required to build R Markdown vignettes but not available. Please make sure it is installed.
Warning in xfun::prose_index(text) : Code fences are not balanced
Warning in prose_index(x) : Code fences are not balanced
Warning in xfun::prose_index(text) : Code fences are not balanced
--- finished re-building ‘freevig.Rmd’
--- re-building ‘freegroup.Rnw’ using Sweave
Loading required package: magrittr
Loading required package: magic
Loading required package: abind
Loading required package: plyr
Attaching package: ‘freegroup’
The following object is masked from ‘package:plyr’:
id
Error: processing vignette 'freegroup.Rnw' failed with diagnostics:
Running 'texi2dvi' on 'freegroup.tex' failed.
LaTeX errors:
! LaTeX Error: File `tikz-cd.sty' not found.
Type X to quit or <RETURN> to proceed,
or enter new name. (Default extension: sty)
! Emergency stop.
<read *>
l.67 \begin
{document}^^M
! ==> Fatal error occurred, no output PDF file produced!
--- failed re-building ‘freegroup.Rnw’
SUMMARY: processing the following file failed:
‘freegroup.Rnw’
Error: Vignette re-building failed.
Execution halted
Flavor: r-release-macos-x86_64