CRAN Package Check Results for Package fractaldim

Last updated on 2024-02-27 04:50:37 CET.

Flavor Version Tinstall Tcheck Ttotal Status Flags
r-devel-linux-x86_64-debian-clang 0.8-5 3.65 30.82 34.47 NOTE
r-devel-linux-x86_64-debian-gcc 0.8-5 2.16 26.24 28.40 NOTE
r-devel-linux-x86_64-fedora-clang 0.8-5 51.04 NOTE
r-devel-linux-x86_64-fedora-gcc 0.8-5 47.78 NOTE
r-devel-windows-x86_64 0.8-5 5.00 52.00 57.00 NOTE
r-patched-linux-x86_64 0.8-5 3.70 33.44 37.14 NOTE
r-release-linux-x86_64 0.8-5 3.13 33.40 36.53 NOTE
r-release-macos-arm64 0.8-5 20.00 NOTE
r-release-macos-x86_64 0.8-5 27.00 NOTE
r-release-windows-x86_64 0.8-5 7.00 50.00 57.00 NOTE
r-oldrel-macos-arm64 0.8-5 21.00 OK
r-oldrel-windows-x86_64 0.8-5 6.00 55.00 61.00 NOTE

Check Details

Version: 0.8-5
Check: package dependencies
Result: NOTE Package suggested but not available for checking: ‘RandomFields’ Flavors: r-devel-linux-x86_64-debian-clang, r-devel-linux-x86_64-debian-gcc, r-devel-linux-x86_64-fedora-clang, r-devel-linux-x86_64-fedora-gcc, r-devel-windows-x86_64, r-patched-linux-x86_64, r-release-linux-x86_64, r-release-macos-arm64, r-release-macos-x86_64, r-release-windows-x86_64, r-oldrel-windows-x86_64