CRAN Package Check Results for Package fplot

Last updated on 2023-12-02 04:52:14 CET.

Flavor Version Tinstall Tcheck Ttotal Status Flags
r-devel-linux-x86_64-debian-clang 1.1.0 40.23 67.66 107.89 NOTE
r-devel-linux-x86_64-debian-gcc 1.1.0 25.86 49.64 75.50 NOTE
r-devel-linux-x86_64-fedora-clang 1.1.0 149.57 OK
r-devel-linux-x86_64-fedora-gcc 1.1.0 145.38 OK
r-devel-windows-x86_64 1.1.0 26.00 87.00 113.00 OK
r-patched-linux-x86_64 1.1.0 30.59 62.76 93.35 OK
r-release-linux-x86_64 1.1.0 32.84 63.01 95.85 OK
r-release-macos-arm64 1.1.0 43.00 OK
r-release-macos-x86_64 1.1.0 114.00 OK
r-release-windows-x86_64 1.1.0 29.00 101.00 130.00 OK
r-oldrel-macos-arm64 1.1.0 43.00 OK
r-oldrel-macos-x86_64 1.1.0 57.00 OK
r-oldrel-windows-x86_64 1.1.0 36.00 94.00 130.00 OK

Check Details

Version: 1.1.0
Check: Rd files
Result: NOTE checkRd: (-1) plot_lines.Rd:66: Lost braces 66 | moderator. By default it is equal to \8code{c(19, 17, 15, 8, 5, 4, 3, 1)}.} | ^ Flavors: r-devel-linux-x86_64-debian-clang, r-devel-linux-x86_64-debian-gcc