Last updated on 2023-12-08 05:02:04 CET.
Flavor | Version | Tinstall | Tcheck | Ttotal | Status | Flags |
---|---|---|---|---|---|---|
r-devel-linux-x86_64-debian-clang | 1.0.3 | 16.88 | 493.80 | 510.68 | OK | |
r-devel-linux-x86_64-debian-gcc | 1.0.3 | 15.65 | 394.55 | 410.20 | OK | |
r-devel-linux-x86_64-fedora-clang | 1.0.3 | 642.88 | NOTE | |||
r-devel-linux-x86_64-fedora-gcc | 1.0.3 | 643.74 | NOTE | |||
r-devel-windows-x86_64 | 1.0.3 | 16.00 | 370.00 | 386.00 | OK | |
r-patched-linux-x86_64 | 1.0.3 | 20.40 | 467.33 | 487.73 | OK | |
r-release-linux-x86_64 | 1.0.3 | 18.52 | 457.66 | 476.18 | OK | |
r-release-macos-arm64 | 1.0.3 | 188.00 | OK | |||
r-release-macos-x86_64 | 1.0.3 | 322.00 | OK | |||
r-release-windows-x86_64 | 1.0.3 | 22.00 | 454.00 | 476.00 | OK | |
r-oldrel-macos-arm64 | 1.0.3 | 164.00 | NOTE | |||
r-oldrel-macos-x86_64 | 1.0.3 | 235.00 | NOTE | |||
r-oldrel-windows-x86_64 | 1.0.3 | 21.00 | 481.00 | 502.00 | OK |
Version: 1.0.3
Check: data for non-ASCII characters
Result: NOTE
Note: found 31 marked UTF-8 strings
Flavors: r-devel-linux-x86_64-fedora-clang, r-devel-linux-x86_64-fedora-gcc, r-oldrel-macos-arm64, r-oldrel-macos-x86_64