Last updated on 2025-01-17 04:49:16 CET.
Flavor | Version | Tinstall | Tcheck | Ttotal | Status | Flags |
---|---|---|---|---|---|---|
r-devel-linux-x86_64-debian-clang | 0.2.1 | 4.07 | 43.25 | 47.32 | OK | |
r-devel-linux-x86_64-debian-gcc | 0.2.1 | 2.25 | 32.95 | 35.20 | OK | |
r-devel-linux-x86_64-fedora-clang | 0.2.1 | 78.05 | OK | |||
r-devel-linux-x86_64-fedora-gcc | 0.2.1 | 85.94 | OK | |||
r-devel-windows-x86_64 | 0.2.1 | 7.00 | 72.00 | 79.00 | OK | |
r-patched-linux-x86_64 | 0.2.1 | 3.08 | 41.16 | 44.24 | NOTE | |
r-release-linux-x86_64 | 0.2.1 | 3.23 | 40.34 | 43.57 | NOTE | |
r-release-macos-arm64 | 0.2.1 | 32.00 | NOTE | |||
r-release-macos-x86_64 | 0.2.1 | 48.00 | NOTE | |||
r-release-windows-x86_64 | 0.2.1 | 6.00 | 72.00 | 78.00 | NOTE | |
r-oldrel-macos-arm64 | 0.2.1 | 34.00 | NOTE | |||
r-oldrel-macos-x86_64 | 0.2.1 | 51.00 | NOTE | |||
r-oldrel-windows-x86_64 | 0.2.1 | 6.00 | 79.00 | 85.00 | NOTE |
Version: 0.2.1
Check: LazyData
Result: NOTE
'LazyData' is specified without a 'data' directory
Flavors: r-patched-linux-x86_64, r-release-linux-x86_64, r-release-macos-arm64, r-release-macos-x86_64, r-release-windows-x86_64, r-oldrel-macos-arm64, r-oldrel-macos-x86_64, r-oldrel-windows-x86_64