Last updated on 2023-12-06 04:55:51 CET.
Flavor | Version | Tinstall | Tcheck | Ttotal | Status | Flags |
---|---|---|---|---|---|---|
r-devel-linux-x86_64-debian-clang | 0.8-86 | 8.82 | 39.99 | 48.81 | OK | |
r-devel-linux-x86_64-debian-gcc | 0.8-86 | 7.57 | 30.31 | 37.88 | OK | |
r-devel-linux-x86_64-fedora-clang | 0.8-86 | 68.16 | OK | |||
r-devel-linux-x86_64-fedora-gcc | 0.8-86 | 69.09 | OK | |||
r-devel-windows-x86_64 | 0.8-86 | 18.00 | 58.00 | 76.00 | WARN | |
r-patched-linux-x86_64 | 0.8-86 | 11.22 | 38.12 | 49.34 | OK | |
r-release-linux-x86_64 | 0.8-86 | 10.19 | 38.55 | 48.74 | OK | |
r-release-macos-arm64 | 0.8-86 | 39.00 | OK | |||
r-release-macos-x86_64 | 0.8-86 | 61.00 | OK | |||
r-release-windows-x86_64 | 0.8-86 | 23.00 | 63.00 | 86.00 | OK | |
r-oldrel-macos-arm64 | 0.8-86 | 44.00 | OK | |||
r-oldrel-macos-x86_64 | 0.8-85 | 61.00 | OK | |||
r-oldrel-windows-x86_64 | 0.8-86 | 21.00 | 62.00 | 83.00 | OK |
Version: 0.8-86
Check: whether package can be installed
Result: WARN
Found the following significant warnings:
pfm-read.c:552:16: warning: format '%lu' expects argument of type 'long unsigned int', but argument 2 has type 'size_t' {aka 'long long unsigned int'} [-Wformat=]
pfm-read.c:579:16: warning: format '%lu' expects argument of type 'long unsigned int', but argument 2 has type 'size_t' {aka 'long long unsigned int'} [-Wformat=]
pfm-read.c:754:18: warning: format '%lu' expects argument of type 'long unsigned int', but argument 3 has type 'size_t' {aka 'long long unsigned int'} [-Wformat=]
sfm-read.c:554:14: warning: format '%ld' expects argument of type 'long int', but argument 5 has type 'long long unsigned int' [-Wformat=]
sfm-read.c:621:14: warning: format '%lu' expects argument of type 'long unsigned int', but argument 5 has type 'long long unsigned int' [-Wformat=]
sfm-read.c:802:14: warning: format '%ld' expects argument of type 'long int', but argument 4 has type 'long long unsigned int' [-Wformat=]
See 'd:/Rcompile/CRANpkg/local/4.4/foreign.Rcheck/00install.out' for details.
* used C compiler: 'gcc.exe (GCC) 12.3.0'
Flavor: r-devel-windows-x86_64